{"id":259,"date":"2023-02-09T18:40:05","date_gmt":"2023-02-09T18:40:05","guid":{"rendered":"https:\/\/ticamericas.net\/tic-jalisco\/?page_id=259"},"modified":"2023-02-09T18:50:13","modified_gmt":"2023-02-09T18:50:13","slug":"terminos","status":"publish","type":"page","link":"https:\/\/ticamericas.net\/tic-jalisco\/reglas\/terminos\/","title":{"rendered":"T\u00e9rminos y Condiciones Generales"},"content":{"rendered":"\t\t<div data-elementor-type=\"wp-page\" data-elementor-id=\"259\" class=\"elementor elementor-259\">\n\t\t\t\t\t\t<section class=\"elementor-section elementor-top-section elementor-element elementor-element-92bcc38 elementor-section-boxed elementor-section-height-default elementor-section-height-default\" data-id=\"92bcc38\" data-element_type=\"section\" data-e-type=\"section\">\n\t\t\t\t\t\t<div class=\"elementor-container elementor-column-gap-default\">\n\t\t\t\t\t<div class=\"elementor-column elementor-col-100 elementor-top-column elementor-element elementor-element-390a9da\" data-id=\"390a9da\" data-element_type=\"column\" data-e-type=\"column\">\n\t\t\t<div class=\"elementor-widget-wrap elementor-element-populated\">\n\t\t\t\t\t\t<div class=\"elementor-element elementor-element-2b6cf89 elementor-widget elementor-widget-text-editor\" data-id=\"2b6cf89\" data-element_type=\"widget\" data-e-type=\"widget\" data-widget_type=\"text-editor.default\">\n\t\t\t\t<div class=\"elementor-widget-container\">\n\t\t\t\t\t\t\t\t\t<p>Antes de registrarse, lea cuidadosamente las disposiciones adicionales de la presente Reglas y que se encuentran a continuaci\u00f3n. Debe aceptar estas reglas oficiales haciendo clic en la casilla de verificaci\u00f3n donde se indica al participar en la competencia.<\/p><p><strong>1. Principio Confidencialidad<\/strong><\/p><p>Los organizadores, el Young Americas Business Trust (YABT) y la Secretar\u00eda de Innovaci\u00f3n, Ciencia y Tecnolog\u00eda SICyT del Estado de Jalisco, los jueces y cualquier otra persona involucrada con el desarrollo de TIC Americas, de ahora en adelante referida como la &#8220;Competencia,&#8221; cumplir\u00e1n fielmente el Principio de Confidencialidad aplicada a los proyectos presentados por los equipos participantes del TIC Americas, incluyendo en la categor\u00eda TIC Jalisco, de acuerdo con las Reglas, T\u00e9rminos y Condiciones.<\/p><p>Toda la informaci\u00f3n presentada por los equipos durante cada fase de la competencia ser\u00e1 considerada como confidencial. A los equipos se les solicitar\u00e1 que entreguen con motivo de la competencia informaci\u00f3n resumida de sus proyectos, la cual se pondr\u00e1 a disposici\u00f3n del p\u00fablico a trav\u00e9s de los medios digitales e impresos del YABT, TIC Americas y SICyT, como son: sitios web, redes sociales, boletines de prensa, campa\u00f1as publicitarias, revistas TIC Americas, tr\u00edpticos promocionales y otras publicaciones impresas y digitales. El sitio web listado por el equipo dentro de su perfil dentro la competencia ser\u00e1 considerado como informaci\u00f3n p\u00fablica. Tanto en las Semifinales y las Finales en l\u00ednea, las propuestas o planes de proyectos ser\u00e1n revisadas por los jueces, quienes previo a ello se han comprometido a mantener la confidencialidad de la informaci\u00f3n que conozcan o tengan acceso.<\/p><p>Teniendo en cuenta lo anterior, ser\u00e1 responsabilidad de cada equipo decidir qu\u00e9 informaci\u00f3n podr\u00e1 ser vista en cualquier momento durante su participaci\u00f3n en TIC Americas, a trav\u00e9s del TIC Jalisco u otra categor\u00eda. YABT y SICyT no se har\u00e1n responsables de ning\u00fan tipo de reclamo o demandas que terceros lleguen a presentar alegando cargos de propiedad sobre la informaci\u00f3n de los proyectos presentados a TIC Americas y TIC Jalisco, incluso a la que consideren y demuestran como propia.<\/p><p><strong>2. Uso de la informaci\u00f3n presentada por los participantes<\/strong><\/p><p>Los Equipos participantes deben entender y darse por enterado, que toda la informaci\u00f3n presentada durante su participaci\u00f3n en las diversas fases de la competencia ser\u00e1 recogida y guardada en la base de datos de los organizadores. YABT y SICyT quedan autorizados al libre uso, reproducci\u00f3n, y diseminaci\u00f3n del Perfil del Equipo y fotograf\u00edas para los prop\u00f3sitos del TIC Americas y TIC Jalisco.<\/p><p>La informaci\u00f3n personal, como direcci\u00f3n de correo electr\u00f3nico, tel\u00e9fono, g\u00e9nero, direcci\u00f3n, edad, y nivel educativo, que se recolectan en el momento del registro, ser\u00e1n agregadas a las bases de datos de YABT y SICyT; los equipos seguir\u00e1n recibiendo comunicaciones sobre nuevos programas, competencias, eventos, oportunidades, promociones, nuevos productos etc., al menos que el equipo opte lo contrario en el registro. Si por alguna circunstancia los equipos quieren cancelar su registro de cualquiera de las dos bases de datos, sus miembros lo podr\u00e1n hacer enviando una solicitud escrita directamente a TIC Americas.<\/p><p>Se entiende y se acuerda que esta condici\u00f3n de uso del Perfil, informaci\u00f3n personal, y fotograf\u00edas de los equipos no viola el Principio de Confidencialidad descrito en la cl\u00e1usula previa ni genera en ning\u00fan momento una obligaci\u00f3n de pago o cualquier otro tipo de remuneraci\u00f3n como actividad lucrativa a favor del equipo por su uso.<\/p><p>Por lo tanto, entre estos T\u00e9rminos y Condiciones, formando parte del TIC Jalisco de YABT y SICyT, subiendo las fotograf\u00edas e informaci\u00f3n de los perfiles de los equipos y sus miembros, irrevocablemente otorga a YABT y SICyTy a sus agentes el derecho incondicional y perpetuo para publicar, exhibir, publicar, usar, adaptar, editar y\/o modificar dicha informaci\u00f3n de cualquier manera, en cualquier medio de comunicaci\u00f3n, para cualquier prop\u00f3sito, sin limitaci\u00f3n, y sin tenerle en cuenta. Los equipos est\u00e1n de acuerdo en asignar, de manera irrevocable, la transferencia a los organizadores y patrocinadores de todos los derechos, t\u00edtulos e intereses en estos materiales, incluyendo, sin limitaci\u00f3n, todos los derechos de autor de los materiales seleccionados para ser galardonados con el premio. Los equipos que no est\u00e9n dispuestos a adherirse a este principio ser\u00e1n descalificados y no elegibles para el premio.<\/p><p>Todos los competidores y equipos est\u00e1n de acuerdo en liberar e indemnizar a los organizadores y patrocinadores del TIC Jalisco (YABT, SICyT) de cualquier y todos los reclamos comerciales, de publicidad, presentaci\u00f3n, contenido web o cualquier otro material producido, presentado y\/o preparado posteriormente por o en nombre de los patrocinadores que infrinja en los derechos de todos los competidores o equipos de trabajo como contenido de cualquier proyecto.<\/p><p>SICyT y YABT incluir\u00e1n cr\u00e9ditos escritos para los concursantes registrados del Equipo en el producto final producido por YABT y SICyT.<\/p><p><strong>3. Selecci\u00f3n de los Jueces<\/strong><\/p><p>YABT y SICyT designar\u00e1n a un grupo de jueces para las etapas de Semifinales y la Final Virtual de la Competencia. Los jueces estar\u00e1n compuestos por profesionales del mundo acad\u00e9mico, negocios y desarrollo, capaces de analizar diversas \u00e1reas del plan de negocio tales como innovaci\u00f3n, mercadeo, tecnolog\u00eda, recursos humanos y la secci\u00f3n financiera; y resto de entregables y elementos propios del proceso de evaluaci\u00f3n.<\/p><p><strong>4. Sobre las decisiones del Comit\u00e9 de Evaluaci\u00f3n<\/strong><\/p><p>Las decisiones del Comit\u00e9 de Evaluaci\u00f3n y selecci\u00f3n del jurado ser\u00e1n finales e inapelables. El jurado se reserva el derecho de resolver cualquier punto no mencionado en los t\u00e9rminos y las condiciones de la competencia. La competencia se puede declarar nula si el jurado considera que los proyectos presentados no alcanzan un nivel adecuado de calidad.<\/p><p><strong>5. Anuncio de los Finalistas<\/strong><\/p><p>Los participantes que clasifiquen a las Finales del TIC Americas ser\u00e1n notificados a la misma direcci\u00f3n del correo electr\u00f3nico que proporcionaron al momento de registro del equipo. El listado de los Finalistas ser\u00e1 publicada en el sitio web de la Competencia, www.ticamericas.net<\/p><p><strong>6. Descalificaci\u00f3n<\/strong><\/p><p>YABT y SICyT podr\u00e1n descalificar un equipo si:<\/p><p>Existe alguna conducta p\u00fablica tipificada como ilegal en M\u00e9xico &#8211; como pa\u00eds de origen de los participantes, realizada por parte de los miembros del equipo o de sus mentores registrados en la competencia.<br \/>Alguno de los miembros del equipo mantengan una medida cautelar o sentencia judicial por cargos convictos o de cr\u00edmenes.<br \/>El comportamiento de alguno de los miembros del equipo es considerado ofensivo o de alguna manera viola los est\u00e1ndares de comportamiento aceptados por la comunidad, como, por ejemplo: uso il\u00edcito de drogas, intoxicaci\u00f3n p\u00fablica, y tambi\u00e9n cualquier acci\u00f3n que haga creer o concluir a YABT y\/o SICyT que cualquier asociaci\u00f3n p\u00fablica con el equipo somete a YABT y\/o SICyT a la burla, al desprecio, a la controversia, a la verg\u00fcenza y\/o al esc\u00e1ndalo.<br \/>Si se llegase a confirmar que el equipo registrado no cumple con lo se\u00f1alado en la secci\u00f3n quinta de las Reglas \u201cEquipos\/Elegibilidad\u201d.<br \/>Si se llegase a confirmar que el equipo ha violentado las disposiciones que rigen la propiedad industrial y derecho de autor del proyecto registrado, o alguna parte del mismo, incluyendo materiales gr\u00e1ficos, artes o cualquier otro elemento.<br \/>En las Finales se podr\u00e1 descalificar a los equipos que no se presenten en la fecha y horario de su presentaci\u00f3n ante el Comit\u00e9 del Jurado Calificador, al menos que exista una justificaci\u00f3n lo suficientemente razonable y por escrita a los organizadores.<br \/>En las Finales se podr\u00e1 descalificar a los equipos que no participen activamente en las actividades del programa.<br \/>Los equipos y cada uno de sus miembros registrados que en alg\u00fan momento sean descalificados de la competencia, no ser\u00e1n elegibles para presentarse nuevamente a participar por ninguno de los premios de TIC Americas, incluyendo los premios TIC Jalisco.<\/p><p><strong>7. Consideraciones Legales y de Impuestos<\/strong><\/p><p>El reconocimiento en efectivo que recibir\u00e1n los equipos premiados podr\u00eda tener cargos impositivos o legales a los miembros en sus pa\u00edses de origen. Si esto ocurre, ser\u00e1 completa responsabilidad de los mismos equipos asumirlos. YABT y SICyT no tienen ninguna responsabilidad con estas retenciones u obligaciones legales generadas.<\/p><p><strong>8. Pautas de Participaci\u00f3n para las Finales<\/strong><\/p><p>Este a\u00f1o las Finales ser\u00e1n llevadas a cabo en un Formato Virtual. Debido al cambio de formato, cada uno de los participantes deben confirmar su inter\u00e9s y disponibilidad para atender a las Finales en este nuevo formato.<\/p><p>Los Finalistas deber\u00e1n participar en la etapa preparatoria en l\u00ednea, la cual contar\u00e1 con entrenamientos, mentor\u00eda, orientaci\u00f3n y preparaci\u00f3n, impartidos por los organizadores y aliados de TIC Americas. Adem\u00e1s, se tendr\u00e1 una prueba de la plataforma en l\u00ednea con los Finalistas, para que puedan sentirse c\u00f3modos y seguros con las herramientas utilizadas durante las Finales Virtuales.<\/p><p>La participaci\u00f3n de los Finalistas en cualquiera o todas de las actividades en las Finales Virtuales es voluntaria, por lo tanto, si dado el caso un equipo decide no participar en alguna o todas las actividades designadas para las Finales Virtuales, este equipo no tendr\u00e1 acceso a compensaci\u00f3n a cambio o competir por el Premio.<\/p><p><strong>9. Derechos de Autor<\/strong><\/p><p>Los Derechos de Propiedad y Autor\u00eda del proyecto o plan de proyecto presentados durante el desarrollo de la Competencia ser\u00e1n de propiedad exclusiva del equipo que los propone.<\/p><p>YABT y SICyT, podr\u00e1n tener la primera opci\u00f3n de cualquier aspecto del proyecto, como por ejemplo implementaci\u00f3n, financiamiento, comunicaci\u00f3n, etc. Los organizadores del TIC Jalisco tendr\u00e1n hasta 180 d\u00edas, comenzando a partir del d\u00eda despu\u00e9s de las finales del TIC Americas \/ TIC Jalisco, para mostrar y\/o expresar su inter\u00e9s o no en invertir en la propuesta de negocio de los equipos. Si un equipo del TIC Jalisco recibe la oportunidad de inversi\u00f3n, tendr\u00e1n que comunicarlo a los organizadores (YABT, SICyT,) del TIC Jalisco, para su conocimiento y aprobaci\u00f3n.<\/p><p>En caso de que YABT y SICyT, estuvieran interesados en patrocinar el proyecto, ellos no ser\u00edan los propietarios de los Derechos de Autor del proyecto, pues \u00e9stos ser\u00edan conservados por el Equipo durante la implementaci\u00f3n del proyecto, en caso de que resulte seleccionado.<\/p><p>Al momento de enviar un proyecto el Equipo reconoce que la descripci\u00f3n del proyecto que se presenta durante la participaci\u00f3n del Equipo en cualquier fase de TIC Americas y TIC Jalisco, ser\u00e1n recolectados y guardados en la base de datos de TIC Americas. YABT y SICyT est\u00e1n autorizados para la libre utilizaci\u00f3n, reproducci\u00f3n y difusi\u00f3n de la descripci\u00f3n del proyecto siguiendo los objetivos de TIC Americas y TIC Jalisco.<\/p><p>Queda entendido y acordado que \u00e9sta condici\u00f3n de uso de la descripci\u00f3n del proyecto no viola el Principio de Confidencialidad, y tampoco en ning\u00fan momento genera una obligaci\u00f3n de pago u otra remuneraci\u00f3n como una actividad lucrativa a favor y uso del equipo.<\/p><p>Para aquellos proyectos no seleccionados como ganadores o no beneficiarios de los premios, el equipo conservar\u00e1 los derechos de propiedad del proyecto, pero a la vez son conscientes de los derechos para el uso de la informaci\u00f3n contenida en su Perfil y las fotograf\u00edas, as\u00ed como lo delimitan estas reglas. Por lo tanto, YABT y SICyT no tendr\u00e1n inter\u00e9s en los derechos de propiedad de los proyectos no ganadores m\u00e1s all\u00e1 del uso de la informaci\u00f3n contenida en su perfil y las fotograf\u00edas para fines promocionales del TIC Jalisco y TIC Americas.<\/p><p>Asimismo, el equipo tambi\u00e9n otorga al YABT y SICyT, el derecho incondicional e irrevocable para reproducir, publicar y utilizar dichas informaciones y fotograf\u00edas, solo o con otro material, en cualquier forma y en cualquier medio (incluyendo, pero no limitado a: prensa, televisi\u00f3n, Internet, redes sociales y diversas plataformas a la entera discreci\u00f3n de la Young Americas Business Trust y SICyT), en su totalidad o en parte, en formato editado o modificado, en cualquier momento, para cualquier prop\u00f3sito, incluyendo, sin limitaci\u00f3n, la publicidad, difusi\u00f3n y comercializaci\u00f3n, sin examen previo o aprobaci\u00f3n por el equipo, incluyendo cualquier copia escrita que se puede crear en relaci\u00f3n a dichos documentos.<\/p><p>El equipo entiende que no tendr\u00e1 ning\u00fan derecho a indemnizaci\u00f3n en relaci\u00f3n con los derechos otorgados anteriormente y libera al Young Americas Business Trust y SICyT de cualquier reclamo y responsabilidad relacionado con dichas fotograf\u00edas e informaciones, incluyendo, sin limitaci\u00f3n, cualquier reclamo basado en la difamaci\u00f3n, el derecho de publicidad, privacidad, la apropiaci\u00f3n comercial, el uso del nombre o cualquier situaci\u00f3n similar.<\/p><p><strong>10. Aceptaci\u00f3n de los T\u00e9rminos y Condiciones de la Competencia<\/strong><\/p><p>El registro en la Competencia constituye la aceptaci\u00f3n, a nombre de las personas registradas, de todos los t\u00e9rminos y condiciones incluidos en este documento. Cualquier cambio o modificaci\u00f3n ser\u00e1 publicado en el sitio web http:\/\/www.ticamericas.net\/tic-jalisco en el momento que ocurran. Los participantes de la Competencia deben mantenerse actualizados con las publicaciones y los avisos durante la fase Semifinal y la fase Final.<\/p><p>Adem\u00e1s, al registrarse un Equipo, todos los concursantes acuerdan que:<\/p><p>a) Todas las disputas, reclamos, y acciones legales que surgieran de su Proyecto, o que estuvieran relacionadas con el mismo ser\u00e1n resueltas de manera individual, sin recurrir a ning\u00fan tipo de acci\u00f3n de clase legal contra los organizadores y patrocinadores;<\/p><p>b) Todos los reclamos, sentencias y fallos se limitar\u00e1n a los costos reales incurridos y pagados en efectivo a terceros, pero en ning\u00fan caso se otorgar\u00e1n ni recuperar\u00e1n honorarios de abogados;<\/p><p>c) El Equipo expresamente y con conocimiento renuncia a todos sus derechos de obtener da\u00f1os punitivos, incidentales, consecuenciales o especiales, p\u00e9rdidas de ganancias y\/o cualquier otro tipo de da\u00f1os;<\/p><p>d) El Equipo irrevocablemente renuncia a todos sus derechos de obtener protecci\u00f3n de sus derechos por orden judicial o con medidas cautelares;<\/p><p>e) El Equipo mantiene indemne y exime a YABT, SICyT, los Jueces y otras Partes de la Competencia, de todo reclamo que pudiera surgir de los materiales comerciales, de publicidad, presentaci\u00f3n, contenido Web o de cualquier otro material producido, presentado y\/o preparado con posterioridad por o en nombre de YABT y SICyT, y que viole los derechos del trabajo de los Concursantes o los Equipos as\u00ed como a las terceras partes.<\/p><p><strong>11. Acerca de los Organizadores<\/strong><\/p><p>El Young Americas Business Trust (YABT), 1889 F Street NW, Washington, DC, 20006<br \/>La SICyT, Planta baja, edificio MIND, Av Faro 2350, Verde Valle, 44550 Guadalajara, Jalisco<\/p><p><strong>12. Limitaciones de Responsabilidad<\/strong><\/p><p>YABT y SICyT y no asumir\u00e1n responsabilidad alguna que resulte de la participaci\u00f3n o intento de participaci\u00f3n de un usuario en el TIC Americas o de la habilidad o inhabilidad de cargar o descargar de la web cualquier informaci\u00f3n relacionada con la participaci\u00f3n en el TIC Americas. YABT y SICyT y los jueces no asumir\u00e1n responsabilidad alguna por problemas t\u00e9cnicos o desperfectos t\u00e9cnicos relacionados con alguno de los siguientes hechos o alguna otra circunstancia que pudiera afectar la operaci\u00f3n de TIC Americas: errores de hardware o software; fallas en las conexiones con computadora, tel\u00e9fono, cable, sat\u00e9lite, red, electr\u00f3nicas, inal\u00e1mbricas o de Internet o de otros problemas de comunicaci\u00f3n online; errores o limitaciones de los proveedores de servicios de Internet (ISP), servidores, hu\u00e9spedes, etc.; transmisiones de datos incorrectos o ininteligibles, fallas en las transmisiones de correos electr\u00f3nicos enviados o recibidos; transmisiones de correo electr\u00f3nico p\u00e9rdidas, demoradas, o interceptadas; inaccesibilidad del sitio web en su totalidad o en parte cualquiera fuere la raz\u00f3n; congesti\u00f3n de tr\u00e1fico en Internet o en el sitio web; intervenci\u00f3n humana o no humana no autorizada de la operaci\u00f3n de TIC Americas, incluyendo sin limitaci\u00f3n, a hackers, robo, virus; o bien la destrucci\u00f3n de alg\u00fan aspecto del TIC Americas, o la p\u00e9rdida, direcci\u00f3n err\u00f3nea, inaccesibilidad o indisponibilidad de una cuenta de correo electr\u00f3nico relacionada con el Concurso.<\/p><p>YABT y SICyT no ser\u00e1n responsables de los errores tipogr\u00e1ficos que aparecieran en los anuncios de los premios o en las presentes Reglas oficiales del TIC Americas, ni de cualquier dato correcto o incorrecto contenido en el Sitio Web. El uso del Sitio Web ser\u00e1 a riesgo del propio usuario. YABT y SICyT y los jueces no ser\u00e1n responsables de las lesiones personales o da\u00f1os o p\u00e9rdidas a la propiedad de cualquier naturaleza que se produjera en el equipo de computaci\u00f3n del usuario o de otras personas a ra\u00edz de su participaci\u00f3n en el TIC Americas, el uso del sitio web o la descarga de informaci\u00f3n del sitio web.<\/p><p>Al participar en el TIC Americas, el Equipo exime a YABT y SICyT de cualquier reclamo, da\u00f1o o responsabilidad que surja de la participaci\u00f3n de dicho Equipo en el TIC Americas o que est\u00e9 relacionada con la misma. Al aceptar un premio en el TIC Americas, cada uno de los Equipos acuerda que YABT y SICyT y los jueces no ser\u00e1n responsables de ninguna p\u00e9rdida o lesi\u00f3n que resulte de la participaci\u00f3n en la Competencia, la aceptaci\u00f3n de un premio o de cualquier tipo de viaje o traslado relacionado con el mismo. YABT, SICyT y los jueces no ser\u00e1n responsables en el caso de que una parte del evento del TIC Americas o de la transmisi\u00f3n de dicho evento sea cancelada por razones clim\u00e1ticas, incendio, huelga, emergencias sanitarias, actos de guerra o terrorismo, o cualquier otra condici\u00f3n fuera de su control (un &#8220;Evento de Fuerza Mayor o Caso Fortuito&#8221;).<\/p><p>Los equipos registrados acuerdan que YABT y SICyT tienen el derecho exclusivo de decidir sobre todos los asuntos y disputas que surjan en TIC Americas y que todas las decisiones de YABT y SICyT son finales y vinculantes. Al aceptar el premio, el Equipo acuerda liberar, indemnizar y eximir a los jueces de YABT y SICyT, as\u00ed como a cada una de sus respectivas dependencias u organizaciones afiliadas y matrices, y a cada uno de sus empleados, representantes, contratistas, los anunciantes, YABT y SICyT de cualquier y toda responsabilidad, p\u00e9rdida, da\u00f1o, costo o reclamaci\u00f3n se relacionan con cualquier alegaci\u00f3n con respecto a la aceptaci\u00f3n o el uso de su premio, que incluye pero no se limita a la transmisi\u00f3n del Proyecto comercial.<\/p><p><strong>13. Modificaciones de los T\u00e9rminos y de las Condiciones de la Competencia<\/strong><\/p><p>YABT y SICyT pueden modificar los T\u00e9rminos y las Condiciones de la Competencia, as\u00ed como sus Premios, ya sea que aumenten o disminuyan seg\u00fan la contribuci\u00f3n de los organizadores. YABT tambi\u00e9n podr\u00eda modificar las fechas de la Competencia o suspender temporalmente o definitivamente la ejecuci\u00f3n de la Competencia, siempre que se considere apropiado hacerlo.<\/p><p>Dando prioridad a la salud y seguridad de cada uno de los participantes de TIC Americas, el personal de YABT, SICyT y otros colaboradores del programa, y teniendo en cuenta el tiempo de incertidumbre debido al virus COVID-19, se ha tomado la decisi\u00f3n de organizar las Finales de TIC Americas y TIC Jalisco en un Formato Virtual.<\/p><p>Toda modificaci\u00f3n a los T\u00e9rminos y Condiciones actuales ser\u00e1 publicada en el sitio web www.ticamericas.net\/tic-jalisco. La versi\u00f3n actual publicada en www.ticamericas.net\/tic-jalisco es considerada la versi\u00f3n final.<\/p>\t\t\t\t\t\t\t\t<\/div>\n\t\t\t\t<\/div>\n\t\t\t\t\t<\/div>\n\t\t<\/div>\n\t\t\t\t\t<\/div>\n\t\t<\/section>\n\t\t\t\t<\/div>\n\t\t","protected":false},"excerpt":{"rendered":"<p>Antes de registrarse, lea cuidadosamente las disposiciones adicionales de la presente Reglas y que se encuentran a continuaci\u00f3n. Debe aceptar estas reglas oficiales haciendo clic en la casilla de verificaci\u00f3n donde se indica al participar en la competencia. 1. Principio Confidencialidad Los organizadores, el Young Americas Business Trust (YABT) y la Secretar\u00eda de Innovaci\u00f3n, Ciencia [&hellip;]<\/p>\n","protected":false},"author":1,"featured_media":0,"parent":146,"menu_order":0,"comment_status":"closed","ping_status":"closed","template":"","meta":{"footnotes":""},"class_list":["post-259","page","type-page","status-publish","hentry"],"_links":{"self":[{"href":"https:\/\/ticamericas.net\/tic-jalisco\/wp-json\/wp\/v2\/pages\/259","targetHints":{"allow":["GET"]}}],"collection":[{"href":"https:\/\/ticamericas.net\/tic-jalisco\/wp-json\/wp\/v2\/pages"}],"about":[{"href":"https:\/\/ticamericas.net\/tic-jalisco\/wp-json\/wp\/v2\/types\/page"}],"author":[{"embeddable":true,"href":"https:\/\/ticamericas.net\/tic-jalisco\/wp-json\/wp\/v2\/users\/1"}],"replies":[{"embeddable":true,"href":"https:\/\/ticamericas.net\/tic-jalisco\/wp-json\/wp\/v2\/comments?post=259"}],"version-history":[{"count":5,"href":"https:\/\/ticamericas.net\/tic-jalisco\/wp-json\/wp\/v2\/pages\/259\/revisions"}],"predecessor-version":[{"id":268,"href":"https:\/\/ticamericas.net\/tic-jalisco\/wp-json\/wp\/v2\/pages\/259\/revisions\/268"}],"up":[{"embeddable":true,"href":"https:\/\/ticamericas.net\/tic-jalisco\/wp-json\/wp\/v2\/pages\/146"}],"wp:attachment":[{"href":"https:\/\/ticamericas.net\/tic-jalisco\/wp-json\/wp\/v2\/media?parent=259"}],"curies":[{"name":"wp","href":"https:\/\/api.w.org\/{rel}","templated":true}]}}