{"id":205,"date":"2023-02-09T17:58:38","date_gmt":"2023-02-09T17:58:38","guid":{"rendered":"https:\/\/ticamericas.net\/tic-jalisco\/?page_id=205"},"modified":"2023-02-09T18:05:21","modified_gmt":"2023-02-09T18:05:21","slug":"etapas","status":"publish","type":"page","link":"https:\/\/ticamericas.net\/tic-jalisco\/reglas\/etapas\/","title":{"rendered":"Etapas"},"content":{"rendered":"\t\t<div data-elementor-type=\"wp-page\" data-elementor-id=\"205\" class=\"elementor elementor-205\">\n\t\t\t\t\t\t<section class=\"elementor-section elementor-top-section elementor-element elementor-element-2e0ea6d elementor-section-boxed elementor-section-height-default elementor-section-height-default\" data-id=\"2e0ea6d\" data-element_type=\"section\" data-e-type=\"section\">\n\t\t\t\t\t\t<div class=\"elementor-container elementor-column-gap-default\">\n\t\t\t\t\t<div class=\"elementor-column elementor-col-100 elementor-top-column elementor-element elementor-element-1285b46\" data-id=\"1285b46\" data-element_type=\"column\" data-e-type=\"column\">\n\t\t\t<div class=\"elementor-widget-wrap elementor-element-populated\">\n\t\t\t\t\t\t<div class=\"elementor-element elementor-element-c8bc697 elementor-widget elementor-widget-text-editor\" data-id=\"c8bc697\" data-element_type=\"widget\" data-e-type=\"widget\" data-widget_type=\"text-editor.default\">\n\t\t\t\t<div class=\"elementor-widget-container\">\n\t\t\t\t\t\t\t\t\t<p><strong>TIC Jalisco consta de las siguientes tres etapas:<\/strong><\/p><p><strong>Registros y Entrenamientos: Business Opportunity Online Training Camp \u2013 BOOT Camp<\/strong><\/p><p>Al completar con \u00e9xito el proceso de registro, y de acuerdo con los t\u00e9rminos y condiciones establecidos por esta competencia, todos los equipos registrados ingresar\u00e1n a una fase de entrenamientos virtuales con expertos internacionales en preparaci\u00f3n al desarrollo de los entregables de la competencia. http:\/\/yabt.net\/bootcamp\/<\/p><p>Toda la informaci\u00f3n correspondiente a la competencia se enviar\u00e1 a la direcci\u00f3n de correo electr\u00f3nico presentada en el registro. Los l\u00edderes de los equipos son responsables de garantizar que el correo electr\u00f3nico funcione y sea revisado con regularidad, y mantener al tanto al resto de los integrantes del equipo, sobre las comunicaciones que mantenga con los organizadores de la competencia.<\/p><p><strong>Semifinales: Evaluaciones<\/strong><\/p><p>Los equipos que completen y env\u00eden en tiempo y forma todos los requisitos solicitados (ver como referencia, secci\u00f3n IV \u2013 Requisitos) podr\u00e1n pasar a las Semifinales; en las cuales un Comit\u00e9 Internacional de Jueces evaluar\u00e1 a los equipos seg\u00fan los criterios de evaluaci\u00f3n establecidos para el TIC Jalisco.<\/p><p>Solo los equipos participantes que hayan completado todos los requerimientos recibir\u00e1n la retroalimentaci\u00f3n por parte de los organizadores, siendo uno de los beneficios que ofrece la competencia.<\/p><p>Los equipos participantes que hayan completado todos los requisitos y sean seleccionados para la siguiente fase, se consideran finalistas y ser\u00e1n notificados por escrito por los organizadores.<\/p><p>Debido a la gran cantidad de participantes, YABT y sus socios anunciar\u00e1n p\u00fablicamente a los finalistas en sus sitios web oficiales. Solo los equipos finalistas ser\u00e1n contactados directamente por un representante de YABT.<\/p><p><strong>Finales: Conferencias, Presentaciones y Demo Day<\/strong><\/p><p>Las Finales de TIC Jalisco se desarrollar\u00e1n en paralelo a las Finales Hemisf\u00e9ricas de TIC Americas.<\/p><p>Este a\u00f1o las Finales de TIC Americas se realizar\u00e1n en un Formato Virtual, donde el Comit\u00e9 Internacional del Jurado Calificador y los Finalistas tendr\u00e1n la opci\u00f3n de interactuar por medio de una plataforma en l\u00ednea proporcionada por los organizadores de la competencia. Se tendr\u00e1 una capacitaci\u00f3n en la cual los Finalistas y los jueces ser\u00e1n entrenados virtualmente y por separado, en el uso correcto de la plataforma antes de las Finales. Sin embargo, la estructura de la presentaci\u00f3n de los Finalistas mantendr\u00e1 su formato original.<\/p><p>Los Finalistas tendr\u00e1n la oportunidad de participar en una serie de sesiones plenarias y conferencias magistrales, reuniendo a destacados expertos y l\u00edderes internacionales en los sectores y temas relevantes para los fines de las categor\u00edas del TIC Americas. El programa incluye el Demo Day, en donde los Finalistas y emprendedores(as) invitados(as) presentar\u00e1n su proyecto en el formato del Discurso del Elevador, y recibir\u00e1n la retroalimentaci\u00f3n en vivo de un Panel de Expertos.<\/p><p>Para las Finales del TIC Americas los Finalistas podr\u00e1n promocionar su cat\u00e1logo de productos y servicios por medio de la plataforma online. Cada uno contar\u00e1 con su propia p\u00e1gina \u201cLanding Page,\u201d para as\u00ed poder exponer contenido relevante sobre sus proyectos, a todos los participantes asistiendo a las Finales en Formato Virtual.<\/p>\t\t\t\t\t\t\t\t<\/div>\n\t\t\t\t<\/div>\n\t\t\t\t\t<\/div>\n\t\t<\/div>\n\t\t\t\t\t<\/div>\n\t\t<\/section>\n\t\t\t\t<\/div>\n\t\t","protected":false},"excerpt":{"rendered":"<p>TIC Jalisco consta de las siguientes tres etapas: Registros y Entrenamientos: Business Opportunity Online Training Camp \u2013 BOOT Camp Al completar con \u00e9xito el proceso de registro, y de acuerdo con los t\u00e9rminos y condiciones establecidos por esta competencia, todos los equipos registrados ingresar\u00e1n a una fase de entrenamientos virtuales con expertos internacionales en preparaci\u00f3n [&hellip;]<\/p>\n","protected":false},"author":1,"featured_media":0,"parent":146,"menu_order":0,"comment_status":"closed","ping_status":"closed","template":"","meta":{"footnotes":""},"class_list":["post-205","page","type-page","status-publish","hentry"],"_links":{"self":[{"href":"https:\/\/ticamericas.net\/tic-jalisco\/wp-json\/wp\/v2\/pages\/205","targetHints":{"allow":["GET"]}}],"collection":[{"href":"https:\/\/ticamericas.net\/tic-jalisco\/wp-json\/wp\/v2\/pages"}],"about":[{"href":"https:\/\/ticamericas.net\/tic-jalisco\/wp-json\/wp\/v2\/types\/page"}],"author":[{"embeddable":true,"href":"https:\/\/ticamericas.net\/tic-jalisco\/wp-json\/wp\/v2\/users\/1"}],"replies":[{"embeddable":true,"href":"https:\/\/ticamericas.net\/tic-jalisco\/wp-json\/wp\/v2\/comments?post=205"}],"version-history":[{"count":5,"href":"https:\/\/ticamericas.net\/tic-jalisco\/wp-json\/wp\/v2\/pages\/205\/revisions"}],"predecessor-version":[{"id":221,"href":"https:\/\/ticamericas.net\/tic-jalisco\/wp-json\/wp\/v2\/pages\/205\/revisions\/221"}],"up":[{"embeddable":true,"href":"https:\/\/ticamericas.net\/tic-jalisco\/wp-json\/wp\/v2\/pages\/146"}],"wp:attachment":[{"href":"https:\/\/ticamericas.net\/tic-jalisco\/wp-json\/wp\/v2\/media?parent=205"}],"curies":[{"name":"wp","href":"https:\/\/api.w.org\/{rel}","templated":true}]}}