{"id":304,"date":"2025-01-10T03:56:43","date_gmt":"2025-01-10T03:56:43","guid":{"rendered":"https:\/\/ticamericas.net\/startup\/?page_id=304"},"modified":"2025-05-07T20:12:13","modified_gmt":"2025-05-07T20:12:13","slug":"cronograma","status":"publish","type":"page","link":"https:\/\/ticamericas.net\/startup\/es\/reglas\/cronograma\/","title":{"rendered":"Cronograma"},"content":{"rendered":"\t\t<div data-elementor-type=\"wp-page\" data-elementor-id=\"304\" class=\"elementor elementor-304\">\n\t\t\t\t\t\t<section class=\"elementor-section elementor-top-section elementor-element elementor-element-4b0f260 elementor-section-boxed elementor-section-height-default elementor-section-height-default\" data-id=\"4b0f260\" data-element_type=\"section\" data-e-type=\"section\">\n\t\t\t\t\t\t<div class=\"elementor-container elementor-column-gap-default\">\n\t\t\t\t\t<div class=\"elementor-column elementor-col-100 elementor-top-column elementor-element elementor-element-f496082\" data-id=\"f496082\" data-element_type=\"column\" data-e-type=\"column\">\n\t\t\t<div class=\"elementor-widget-wrap elementor-element-populated\">\n\t\t\t\t\t\t<div class=\"elementor-element elementor-element-3309676 elementor-widget elementor-widget-text-editor\" data-id=\"3309676\" data-element_type=\"widget\" data-e-type=\"widget\" data-widget_type=\"text-editor.default\">\n\t\t\t\t<div class=\"elementor-widget-container\">\n\t\t\t\t\t\t\t\t\t<ol><li><strong>Anuncio Oficial: 10 de diciembre de 2024.<\/strong><\/li><li><strong>Per\u00edodo de Inscripci\u00f3n: 15 de enero de 2025 &#8211; 15 de mayo de 2025.<\/strong><ul><li>Los Equipos crean un Perfil de Equipo en la plataforma de la competencia y participan en sesiones de formaci\u00f3n en l\u00ednea.<\/li><\/ul><\/li><li><strong>Fecha L\u00edmite de Presentaci\u00f3n de Materiales (\u201centregables\u201d) para equipos registrados: 30 de mayo de 2025 a las 10:00 PM (EST).<\/strong><ul><li>Los Equipos registrados pueden presentar o realizar cambios en los Materiales de la Competencia y en su Perfil de Equipo hasta la fecha l\u00edmite.<\/li><\/ul><\/li><li><strong>Entrenamiento y Formaci\u00f3n en L\u00ednea (BOOT Camp): febrero de 2025 &#8211; mayo de 2025.<\/strong><ul><li>El BOOT Camp ayuda a los participantes a transformar ideas innovadoras en proyectos m\u00e1s s\u00f3lidos y estructurados, planes de negocios y empresas. El BOOT Camp es un centro de recursos integral para que los j\u00f3venes emprendedores accedan a contenido de desarrollo empresarial, consejos, herramientas, formaci\u00f3n en l\u00ednea y otros materiales relevantes para el desarrollo de proyectos, startups y empresas.<\/li><\/ul><\/li><li><strong>Evaluaciones: junio de 2025.<\/strong><ul><li>Los Jueces llevar\u00e1n a cabo las evaluaciones siguiendo los criterios definidos en estas Reglas, T\u00e9rminos y Condiciones. El proceso de evaluaci\u00f3n es realizado \u00fanicamente por los jueces y coordinado por los organizadores. En este periodo, no se permite ning\u00fan contacto entre los jueces y los miembros del equipo, incluidos los mentores.<\/li><\/ul><\/li><li><strong>Anuncio de los Finalistas: julio de 2025.<\/strong><ul><li>Debido a un n\u00famero esperado de participantes, YABT y sus socios anunciar\u00e1n a los Equipos Finalistas a trav\u00e9s de un evento virtual transmitido v\u00eda webcast. Solo los Equipos Finalistas ser\u00e1n contactados directamente por correo electr\u00f3nico.<p>En preparaci\u00f3n para las Finales, los Equipos Finalistas recibir\u00e1n la siguiente asistencia t\u00e9cnica:<\/p><\/li><li>Informe de Evaluaci\u00f3n &#8211; YABT compila la retroalimentaci\u00f3n que los equipos recibieron de los Jueces durante la fase de Semifinales. Este informe resultante ayuda a los equipos a comprender las \u00e1reas que necesitan mejorar en su estrategia de negocio.<\/li><li>Mentor\u00edas &#8211; Los equipos Finalistas recibir\u00e1n mentor\u00eda (personalizada o grupal) para mejorar la estrategia empresarial en preparaci\u00f3n para las Finales. Los Mentores ser\u00e1n identificados por YABT y provendr\u00e1n de reconocidas empresas multinacionales, universidades, incubadoras de empresas, etc., que asignan tiempo y recursos para apoyar a los Finalistas en la mejora de sus proyectos para la presentaci\u00f3n en vivo ante los jueces durante las finales. Los mentores identificados por YABT no reemplazan el trabajo de los mentores propios registrados por el equipo.<\/li><li>Campa\u00f1a Conoce a los Finalistas &#8211; YABT lleva a cabo una campa\u00f1a medi\u00e1tica de alcance hemisf\u00e9rico en redes sociales para brindar amplia visibilidad y posibles asociaciones a los Finalistas.<\/li><\/ul><\/li><li><strong>Finales y Ceremonia de Premiaci\u00f3n: agosto de 2025.<br \/><\/strong><br \/>Las Finales, un evento virtual en vivo que se transmitir\u00e1 v\u00eda webcast.<ul><li><strong>Presentaci\u00f3n ante los Jueces<\/strong>: Los Finalistas se presentar\u00e1n a un panel de jueces en tiempo real, a trav\u00e9s de reuniones virtuales utilizando plataformas de comunicaciones tecnol\u00f3gicas (Zoom, Meet o similares). Las presentaciones de los equipos no se transmitir\u00e1n p\u00fablicamente.<\/li><li><strong>Expo Virtual<\/strong>: Disponible y abierta al p\u00fablico en general para conocer, conectarse y apoyar a los Finalistas. Los Finalistas visualizar\u00e1n y promocionar\u00e1n sus iniciativas durante este per\u00edodo.<\/li><li><strong>Ceremonia de Premiaci\u00f3n<\/strong>: YABT y Banreservas anunciar\u00e1n a los Ganadores durante la ceremonia de clausura y premiaci\u00f3n, con presencia de autoridades e invitados especiales del programa.<\/li><li><strong>Sesiones plenarias<\/strong>: Compuestas por paneles, conferencias magistrales y conversatorios sobre Innovaci\u00f3n, Desarrollo y Nuevas Tecnolog\u00edas, entre otros temas de inter\u00e9s para el ecosistema, a cargo de expertos internacionales, incluidos los Finalistas y oradores de alto nivel.<\/li><\/ul><\/li><li><strong>Seguimiento y Fortalecimiento de Capacidades de Ganadores: agosto &#8211; noviembre de 2025<\/strong><ul><li>La implementaci\u00f3n de los Paquetes de Premiaci\u00f3n conlleva al desarrollo y presentaci\u00f3n de un plan de inversi\u00f3n, as\u00ed como toda la documentaci\u00f3n necesaria para la efectividad de los fondos. Los Ganadores recibir\u00e1n mentor\u00eda, entrenamiento y oportunidades de visibilidad y la invitaci\u00f3n a eventos claves de YABT y aliados estrat\u00e9gicos.<\/li><\/ul><\/li><\/ol>\t\t\t\t\t\t\t\t<\/div>\n\t\t\t\t<\/div>\n\t\t\t\t\t<\/div>\n\t\t<\/div>\n\t\t\t\t\t<\/div>\n\t\t<\/section>\n\t\t\t\t<\/div>\n\t\t","protected":false},"excerpt":{"rendered":"<p>Anuncio Oficial: 10 de diciembre de 2024. Per\u00edodo de Inscripci\u00f3n: 15 de enero de 2025 &#8211; 15 de mayo de 2025. Los Equipos crean un Perfil de Equipo en la plataforma de la competencia y participan en sesiones de formaci\u00f3n en l\u00ednea. Fecha L\u00edmite de Presentaci\u00f3n de Materiales (\u201centregables\u201d) para equipos registrados: 30 de mayo [&hellip;]<\/p>\n","protected":false},"author":1,"featured_media":0,"parent":106,"menu_order":0,"comment_status":"closed","ping_status":"closed","template":"","meta":{"footnotes":""},"class_list":["post-304","page","type-page","status-publish","hentry"],"_links":{"self":[{"href":"https:\/\/ticamericas.net\/startup\/wp-json\/wp\/v2\/pages\/304","targetHints":{"allow":["GET"]}}],"collection":[{"href":"https:\/\/ticamericas.net\/startup\/wp-json\/wp\/v2\/pages"}],"about":[{"href":"https:\/\/ticamericas.net\/startup\/wp-json\/wp\/v2\/types\/page"}],"author":[{"embeddable":true,"href":"https:\/\/ticamericas.net\/startup\/wp-json\/wp\/v2\/users\/1"}],"replies":[{"embeddable":true,"href":"https:\/\/ticamericas.net\/startup\/wp-json\/wp\/v2\/comments?post=304"}],"version-history":[{"count":13,"href":"https:\/\/ticamericas.net\/startup\/wp-json\/wp\/v2\/pages\/304\/revisions"}],"predecessor-version":[{"id":852,"href":"https:\/\/ticamericas.net\/startup\/wp-json\/wp\/v2\/pages\/304\/revisions\/852"}],"up":[{"embeddable":true,"href":"https:\/\/ticamericas.net\/startup\/wp-json\/wp\/v2\/pages\/106"}],"wp:attachment":[{"href":"https:\/\/ticamericas.net\/startup\/wp-json\/wp\/v2\/media?parent=304"}],"curies":[{"name":"wp","href":"https:\/\/api.w.org\/{rel}","templated":true}]}}