{"id":110,"date":"2023-02-16T19:59:56","date_gmt":"2023-02-16T19:59:56","guid":{"rendered":"https:\/\/ticamericas.net\/startup-challenge\/?page_id=110"},"modified":"2023-02-16T20:01:44","modified_gmt":"2023-02-16T20:01:44","slug":"idiomas","status":"publish","type":"page","link":"https:\/\/ticamericas.net\/startup-challenge\/edicion-2020\/reglas\/idiomas\/","title":{"rendered":"Idiomas"},"content":{"rendered":"\t\t<div data-elementor-type=\"wp-page\" data-elementor-id=\"110\" class=\"elementor elementor-110\">\n\t\t\t\t\t\t<section class=\"elementor-section elementor-top-section elementor-element elementor-element-28d2210 elementor-section-boxed elementor-section-height-default elementor-section-height-default\" data-id=\"28d2210\" data-element_type=\"section\" data-e-type=\"section\">\n\t\t\t\t\t\t<div class=\"elementor-container elementor-column-gap-default\">\n\t\t\t\t\t<div class=\"elementor-column elementor-col-100 elementor-top-column elementor-element elementor-element-b99de62\" data-id=\"b99de62\" data-element_type=\"column\" data-e-type=\"column\">\n\t\t\t<div class=\"elementor-widget-wrap elementor-element-populated\">\n\t\t\t\t\t\t<div class=\"elementor-element elementor-element-55d7bfc elementor-widget elementor-widget-text-editor\" data-id=\"55d7bfc\" data-element_type=\"widget\" data-e-type=\"widget\" data-widget_type=\"text-editor.default\">\n\t\t\t\t<div class=\"elementor-widget-container\">\n\t\t\t\t\t\t\t\t\t<div id=\"ticgeneral\"><p>Los equipos participantes podr\u00e1n enviar sus proyectos y entregas para las semifinales en l\u00ednea, en ingl\u00e9s, espa\u00f1ol, franc\u00e9s o portugu\u00e9s.<\/p><p dir=\"ltr\">Los equipos finalistas de Startup Challenge de las categor\u00edas de innovaci\u00f3n social, financiera y econ\u00f3mica deber\u00e1n presentar sus Planes de Negocios en ingl\u00e9s o espa\u00f1ol. No se permitir\u00e1n traducciones ni interpretaciones simult\u00e1neas.<\/p><p dir=\"ltr\">Los equipos finalistas deber\u00e1n presentar copias de su Plan de Negocios escrito en ingl\u00e9s o espa\u00f1ol.<\/p><p dir=\"ltr\">Los equipos que participan en el Eco-Reto podr\u00e1n enviar sus documentos y presentar el \u201cPitch\u201d de sus soluciones en ingl\u00e9s y\/o en su idioma nacional oficial (espa\u00f1ol, franc\u00e9s y\/o portugu\u00e9s).<\/p><p class=\"ticj-hide-ext\">Los equipos participantes de TIC Jalisco podr\u00e1n enviar sus proyectos y entregables en idioma espa\u00f1ol.<\/p><p>Los equipos finalistas del desafio InnovAcci\u00f3n podr\u00e1n enviar sus documentos y presentar el \u201cPitch\u201d de sus soluciones en ingl\u00e9s o espa\u00f1ol. No se permitir\u00e1n traducciones ni interpretaciones simult\u00e1neas.<\/p><p dir=\"ltr\">YABT y sus patrocinadores anunciar\u00e1n por separado los criterios de idioma adicionales para otros premios locales, nacionales o regionales.<\/p><p dir=\"ltr\">Los Equipos pueden enviar los Materiales de la Competencia en Ingl\u00e9s, Espa\u00f1ol, Franc\u00e9s o Portugu\u00e9s.<\/p><\/div>\t\t\t\t\t\t\t\t<\/div>\n\t\t\t\t<\/div>\n\t\t\t\t\t<\/div>\n\t\t<\/div>\n\t\t\t\t\t<\/div>\n\t\t<\/section>\n\t\t\t\t<\/div>\n\t\t","protected":false},"excerpt":{"rendered":"<p>Los equipos participantes podr\u00e1n enviar sus proyectos y entregas para las semifinales en l\u00ednea, en ingl\u00e9s, espa\u00f1ol, franc\u00e9s o portugu\u00e9s. Los equipos finalistas de Startup Challenge de las categor\u00edas de innovaci\u00f3n social, financiera y econ\u00f3mica deber\u00e1n presentar sus Planes de Negocios en ingl\u00e9s o espa\u00f1ol. No se permitir\u00e1n traducciones ni interpretaciones simult\u00e1neas. Los equipos finalistas [&hellip;]<\/p>\n","protected":false},"author":1,"featured_media":0,"parent":51,"menu_order":0,"comment_status":"closed","ping_status":"closed","template":"","meta":{"footnotes":""},"class_list":["post-110","page","type-page","status-publish","hentry"],"_links":{"self":[{"href":"https:\/\/ticamericas.net\/startup-challenge\/wp-json\/wp\/v2\/pages\/110","targetHints":{"allow":["GET"]}}],"collection":[{"href":"https:\/\/ticamericas.net\/startup-challenge\/wp-json\/wp\/v2\/pages"}],"about":[{"href":"https:\/\/ticamericas.net\/startup-challenge\/wp-json\/wp\/v2\/types\/page"}],"author":[{"embeddable":true,"href":"https:\/\/ticamericas.net\/startup-challenge\/wp-json\/wp\/v2\/users\/1"}],"replies":[{"embeddable":true,"href":"https:\/\/ticamericas.net\/startup-challenge\/wp-json\/wp\/v2\/comments?post=110"}],"version-history":[{"count":6,"href":"https:\/\/ticamericas.net\/startup-challenge\/wp-json\/wp\/v2\/pages\/110\/revisions"}],"predecessor-version":[{"id":116,"href":"https:\/\/ticamericas.net\/startup-challenge\/wp-json\/wp\/v2\/pages\/110\/revisions\/116"}],"up":[{"embeddable":true,"href":"https:\/\/ticamericas.net\/startup-challenge\/wp-json\/wp\/v2\/pages\/51"}],"wp:attachment":[{"href":"https:\/\/ticamericas.net\/startup-challenge\/wp-json\/wp\/v2\/media?parent=110"}],"curies":[{"name":"wp","href":"https:\/\/api.w.org\/{rel}","templated":true}]}}