{"id":274,"date":"2023-02-16T05:30:16","date_gmt":"2023-02-16T05:30:16","guid":{"rendered":"https:\/\/ticamericas.net\/innova\/?page_id=274"},"modified":"2023-02-16T05:35:45","modified_gmt":"2023-02-16T05:35:45","slug":"terminos-y-condiciones-generales","status":"publish","type":"page","link":"https:\/\/ticamericas.net\/innova\/2020-21\/reglas\/terminos-y-condiciones-generales\/","title":{"rendered":"T\u00e9rminos y Condiciones Generales"},"content":{"rendered":"\t\t<div data-elementor-type=\"wp-page\" data-elementor-id=\"274\" class=\"elementor elementor-274\">\n\t\t\t\t\t\t<section class=\"elementor-section elementor-top-section elementor-element elementor-element-fbf575a elementor-section-boxed elementor-section-height-default elementor-section-height-default\" data-id=\"fbf575a\" data-element_type=\"section\" data-e-type=\"section\">\n\t\t\t\t\t\t<div class=\"elementor-container elementor-column-gap-default\">\n\t\t\t\t\t<div class=\"elementor-column elementor-col-100 elementor-top-column elementor-element elementor-element-b670518\" data-id=\"b670518\" data-element_type=\"column\" data-e-type=\"column\">\n\t\t\t<div class=\"elementor-widget-wrap elementor-element-populated\">\n\t\t\t\t\t\t<div class=\"elementor-element elementor-element-52c13fe elementor-widget elementor-widget-heading\" data-id=\"52c13fe\" data-element_type=\"widget\" data-e-type=\"widget\" data-widget_type=\"heading.default\">\n\t\t\t\t<div class=\"elementor-widget-container\">\n\t\t\t\t\t<h2 class=\"elementor-heading-title elementor-size-default\">T\u00e9rminos y Condiciones Generales<\/h2>\t\t\t\t<\/div>\n\t\t\t\t<\/div>\n\t\t\t\t<div class=\"elementor-element elementor-element-c4ce072 elementor-widget elementor-widget-text-editor\" data-id=\"c4ce072\" data-element_type=\"widget\" data-e-type=\"widget\" data-widget_type=\"text-editor.default\">\n\t\t\t\t<div class=\"elementor-widget-container\">\n\t\t\t\t\t\t\t\t\t<ol><li><strong><strong>Acerca de los Organizadores<\/strong><\/strong><p>Organizador de InnovAcci\u00f3n: Young Americas Business Trust, 1889 F Street NW, Washington, DC, 20006<\/p><p>Co-Organizador de InnovAcci\u00f3n: Fundaci\u00f3n Interamericana, 1331 Pennsylvania Avenue NW #1200, Washington, DC 20004<\/p><p>En lo sucesivo denominados conjuntamente como los &#8220;Organizadores&#8221;.<\/p><\/li><li><strong><strong>Legislaci\u00f3n aplicable<\/strong><\/strong><p>Estos t\u00e9rminos se regir\u00e1n e interpretar\u00e1n de conformidad con las leyes de los Estados Unidos de Am\u00e9rica.<\/p><\/li><li><strong><strong>Confidencialidad<\/strong><\/strong><p>Los Organizadores se comprometen a proteger la privacidad y la confidencialidad de los Equipos mediante las siguientes acciones:<\/p><\/li><\/ol><p><strong>1. Materiales de la Competencia<\/strong><\/p><p>Debido a la naturaleza de InnovAcci\u00f3n, los Organizadores, Jueces, Mentores, Patrocinadores y otros socios, tendr\u00e1n acceso a informaci\u00f3n comercial confidencial. Por &#8220;Informaci\u00f3n Comercial Confidencial&#8221; se entiende toda informaci\u00f3n divulgada a trav\u00e9s de los Materiales de Competencia u otro material presentado por los Equipos sobre sus tecnolog\u00edas, planes de negocios, documentos estrat\u00e9gicos o financieros, proyecciones, datos de estudios de mercado sobre productos y servicios, secretos comerciales y planes de producci\u00f3n, etc. que es parte de su negocio y no es de conocimiento p\u00fablico. La Informaci\u00f3n Comercial Confidencial no incluye ninguna informaci\u00f3n que (i) sea ahora o m\u00e1s tarde de dominio p\u00fablico por ning\u00fan acto il\u00edcito de un tercero, (ii) estuviera en posesi\u00f3n de los Organizadores, un Juez, Mentor, Patrocinadores u otro socio antes de que el Equipo entregara la informaci\u00f3n, (iii) sea o haya sido desarrollada independientemente por un tercero, (iv)se haya difundido con la autorizaci\u00f3n de un miembro del Equipo para revelar la informaci\u00f3n a un tercero, o (v) deba divulgarse con arreglo a los requisitos de la ley o de un procedimiento jur\u00eddico v\u00e1lido, siempre que se notifique por adelantado al Equipo la necesidad de dicha divulgaci\u00f3n. Los sitios web enumerados por los Equipos durante su registro se considerar\u00e1n de conocimiento p\u00fablico.<\/p><p>Al enviar los Materiales de la Competencia, los Equipos acuerdan que los Materiales de la Competencia y su correspondiente Informaci\u00f3n Comercial Confidencial ser\u00e1n recopilados y guardados en la base de datos del InnovAcci\u00f3n. Los Organizadores, Jueces, Mentores, Patrocinadores y otros socios que obtengan acceso a informaci\u00f3n comercial confidencial no deber\u00e1n difundir o utilizar dichos materiales o informaci\u00f3n para ning\u00fan otro prop\u00f3sito que no sea el de juzgar o proporcionar apoyo a los Equipos.<\/p><p><strong>2. Perfiles del Equipo<\/strong><\/p><p>Los Perfiles de Equipo, incluyendo pero no limitando al resumen del plan de negocios y las fotograf\u00edas de los Miembros del Equipo, se consideran p\u00fablicos y pueden ser compartidos en parte o en su totalidad por los Organizadores a trav\u00e9s de sus sitios web, boletines informativos y revistas.<\/p><p>La informaci\u00f3n de identificaci\u00f3n personal (&#8220;IIP&#8221;) contenida en el Perfil del Equipo permanecer\u00e1 confidencial y ser\u00e1 retenida por YABT, que cumplir\u00e1 con las leyes de privacidad aplicables de los pa\u00edses participantes para proteger adecuadamente la informaci\u00f3n personal y de negocios de los solicitantes.<sup><a href=\"http:\/\/www.ticamericas.net\/innova\/reglas\">[1]<\/a><\/sup><\/p><p>YABT recopilar\u00e1 y almacenar\u00e1 el Perfil del Equipo, incluyendo pero no limit\u00e1ndose a la informaci\u00f3n personal como correo electr\u00f3nico, tel\u00e9fono, sexo, direcci\u00f3n, edad y nivel de educaci\u00f3n, en parte para dirigir las comunicaciones relacionadas con nuevos programas, competencias, eventos, promociones y nuevos productos del Equipo. Si en alg\u00fan momento, el Equipo desea dejar de recibir comunicaciones y\/o eliminar sus datos, el Equipo puede presentar la solicitud enviando un correo electr\u00f3nico a YABT directamente.<\/p><p>D.\u00a0<strong>Propiedad Intelectual<\/strong><\/p><p>Los equipos mantienen los Derechos de Propiedad Intelectual sobre todos los materiales presentados, incluyendo pero no limit\u00e1ndose a sus Materiales de la Competencia individuales y Perfiles de Equipo.<\/p><p>Es responsabilidad de los Equipos decidir qu\u00e9 y cu\u00e1nta informaci\u00f3n se debe divulgar en cualquier momento durante su participaci\u00f3n en TIC Americas e InnovAcci\u00f3n. YABT y los patrocinadores no se hacen responsables de ning\u00fan tipo de quejas o demandas de un tercero, que afirme que un proyecto o trabajo presentado y presentado a TIC Americas contiene un trabajo propietario que ellos consideran como propio.\u00a0\u00a0<\/p><p><strong>1.\u00a0Materiales de la Competencia<\/strong><\/p><p>Los Equipos conservar\u00e1n los Derechos de Autor<a href=\"http:\/\/www.ticamericas.net\/innova\/reglas\"><sup>[2]<\/sup><\/a>\u00a0de los Materiales de la Competencia. Todos los Equipos que se registren se consideran autores de los Materiales de la Competencia que presenten. Los Organizadores no tienen ning\u00fan inter\u00e9s en los Derechos de Autor. Si los Equipos tienen derechos de propiedad intelectual, derechos de autor o marcas comerciales sobre el contenido enviado como parte de los materiales del concurso, los Miembros del Equipo conceden autom\u00e1ticamente a los Organizadores una licencia no exclusiva, irrevocable, transferible, sublicenciable, libre de regal\u00edas, mundial y perpetua para utilizar sus materiales.\u00a0<\/p><p>Al enviar los Materiales de la Competencia, usted acepta que no hay derechos de propiedad intelectual, derechos de autor, marcas comerciales u otras restricciones impuestas por usted u otras partes que impidan que se comparta cualquier contenido de los Materiales de la Competencia. Los Organizadores no se hacen responsables de ning\u00fan tipo de queja o demanda de un tercero que afirme que los Materiales de la Competencia u otros materiales presentados y presentados a InnovAcci\u00f3n \u00a0contienen un trabajo de propiedad que consideran propio.<\/p><p><strong>2.\u00a0Perfiles de Equipo<\/strong><\/p><p>Al presentar un Perfil de Equipo, los Equipos conceden irrevocablemente a los Organizadores y a sus agentes la licencia mundial incondicional y perpetua, no exclusiva, transferible, sublicenciable, libre de regal\u00edas, de derechos de autor, para publicar, exhibir, publicar, utilizar, adaptar, editar y\/o modificar tales fotograf\u00edas e informaci\u00f3n, incluido el resumen del plan de negocios pero exclusivo de la IIP, ya sea sola o acompa\u00f1ada de otros materiales, en todo o en parte, en formato editado, modificado o alterado, de cualquier manera y en cualquier medio, para cualquier prop\u00f3sito, en cualquier momento a partir de ahora, sin limitaci\u00f3n, a la sola discreci\u00f3n del Organizador y sin examen, aprobaci\u00f3n o consideraci\u00f3n previos a los Equipos y a los miembros del equipo. Los Organizadores incluir\u00e1n cr\u00e9ditos escritos para el Equipo en cualquier material publicado que utilice los datos proporcionados en el Perfil del Equipo.<\/p><p>Los Equipos no tienen derecho a ninguna compensaci\u00f3n en relaci\u00f3n con los derechos concedidos anteriormente, liberan y eximen a los Organizadores de todas las reclamaciones y responsabilidades relacionadas con dichas fotograf\u00edas o informaci\u00f3n, incluyendo, sin limitaci\u00f3n, cualquier reclamaci\u00f3n basada en la difamaci\u00f3n, el derecho a la publicidad, el derecho a la privacidad o la apropiaci\u00f3n comercial o el uso del nombre o la imagen.<\/p><p>Todos los Equipos aceptan adem\u00e1s liberar e indemnizar y eximir de responsabilidad a los Organizadores, Patrocinadores, Jueces y al gobierno de los Estados Unidos y sus afiliados, funcionarios, agentes, becarios u otros socios y empleados, incluidos los honorarios de los abogados y las p\u00e9rdidas por reclamaciones de infracci\u00f3n, de cualquier reclamaci\u00f3n que cualquier material comercial, publicitario, de presentaci\u00f3n, contenido web o cualquier otro material producido, presentado y\/o preparado posteriormente por los organizadores o en su nombre infrinja los derechos del trabajo de los Equipos tal y como se recoge en cualquier Material de la Competencia.<\/p><p>E.\u00a0<strong>Descalificaci\u00f3n<\/strong><\/p><p>YABT puede descalificar a cualquier Equipo si:<\/p><ul><li>Existe una conducta ilegal, alegada o publicada de cualquier Miembro del Equipo o mentor registrado;<\/li><li>El comportamiento de cualquier Miembro del Equipo registrado es considerado ofensivo o viola los est\u00e1ndares de comportamiento generalmente aceptados en la comunidad incluyendo, pero no limitado al uso de drogas il\u00edcitas o intoxicaci\u00f3n p\u00fablica; acoso o intimidaci\u00f3n de otros Equipos; otro comportamiento obsceno; violaci\u00f3n de los derechos de propiedad intelectual, derechos de autor o marcas registradas; o cualquier acci\u00f3n que demuestre una falta extrema de colegialidad y deportividad.<\/li><\/ul><p>Los equipos descalificados y cada miembro del Equipo ya no ser\u00e1n elegibles para competir en un futuro TIC Americas.<\/p><p>F.\u00a0<strong>Consideraciones Fiscales y Legales<\/strong><\/p><p>El premio en efectivo puede tener implicaciones legales o fiscales para la situaci\u00f3n fiscal del Equipo en su pa\u00eds de origen, \u00a0el pago de cualquier impuesto ser\u00e1 responsabilidad exclusiva del Equipo ganador. Los Organizadores no tienen ninguna responsabilidad fiscal ni obligaciones legales relacionadas con los Equipos, ning\u00fan Equipo representa o se considera que representa a los Organizadores.<\/p><p>G.\u00a0<strong>Participaci\u00f3n<\/strong><\/p><p>La participaci\u00f3n en cualquiera o en todas las actividades relacionadas con InnovAcci\u00f3n es voluntaria. Los Equipos no recibir\u00e1n ninguna compensaci\u00f3n a cambio de su participaci\u00f3n, m\u00e1s all\u00e1 de las oportunidades de entrenamiento y los premios establecidos en las Reglas.<\/p><p>H.\u00a0<strong>Aceptaci\u00f3n de T\u00e9rminos y Condiciones<\/strong><\/p><p>El registro en InnovAcci\u00f3n constituye la aceptaci\u00f3n, en nombre de todas las personas que se registren como el Equipo, de todas las normas, t\u00e9rminos y condiciones incluidas en este documento. Adem\u00e1s, al registrarse, todos los Equipos y miembros del Equipo est\u00e1n de acuerdo en que:<\/p><ol><li>Todas y cada una de las disputas, reclamaciones y causas de acci\u00f3n que surjan o est\u00e9n relacionadas con su participaci\u00f3n se resolver\u00e1n individualmente, sin recurrir a ning\u00fan tipo de acci\u00f3n colectiva;<\/li><li>Todas y cada una de las reclamaciones, sentencias y adjudicaciones se limitar\u00e1n a los gastos reales de terceros en los que se haya incurrido, pero en ning\u00fan caso los honorarios de los abogados ser\u00e1n adjudicados o recuperables por los organizadores;<\/li><li>El Equipo renuncia consciente y expresamente a todos los derechos a solicitar da\u00f1os punitivos, incidentales, consecuentes o especiales, p\u00e9rdida de beneficios y\/o cualquier otro tipo de da\u00f1os;<\/li><li>Renuncian irrevocablemente a cualquier derecho a solicitar medidas cautelares o equitativas.<\/li><\/ol><p>I.\u00a0<strong>Limitaciones<\/strong>\u00a0<strong>de Responsabilidad y Liberaci\u00f3n<\/strong><\/p><p>No se asume ninguna responsabilidad por parte de los Organizadores, Jueces o Patrocinadores como resultado de la participaci\u00f3n o intento de participaci\u00f3n de cualquier usuario en InnovAcci\u00f3n o su capacidad o incapacidad para cargar o descargar cualquier informaci\u00f3n en relaci\u00f3n con la participaci\u00f3n en InnovAcci\u00f3n. Los Organizadores, Jueces o Patrocinadores no asumen ninguna responsabilidad por los problemas t\u00e9cnicos o el mal funcionamiento t\u00e9cnico que surjan en relaci\u00f3n con cualquiera de los siguientes acontecimientos o cualquier otra circunstancia que pueda afectar al funcionamiento de InnovAcci\u00f3n: errores de hardware o software; computadora, tel\u00e9fono, cable, sat\u00e9lite, red, electr\u00f3nica, inal\u00e1mbrica o conexi\u00f3n a Internet defectuosa u otros problemas de comunicaci\u00f3n en l\u00ednea; errores o limitaciones de cualquier proveedor de servicios de Internet, servidores, hosts o proveedores; transmisiones de datos confusas, desordenadas o defectuosas; falta de env\u00edo o recepci\u00f3n de cualquier transmisi\u00f3n de correo electr\u00f3nico;las transmisiones de correo electr\u00f3nico perdidas, tard\u00edas, retrasadas o interceptadas; la inaccesibilidad del sitio web en su totalidad o en parte por cualquier motivo; la congesti\u00f3n del tr\u00e1fico en Internet o en el sitio web; la intervenci\u00f3n humana o no humana no autorizada del funcionamiento de InnovAcci\u00f3n, incluyendo sin limitaci\u00f3n, la manipulaci\u00f3n no autorizada, la pirater\u00eda inform\u00e1tica, el robo, los virus, los bichos, los gusanos; o la destrucci\u00f3n de cualquier aspecto de InnovAcci\u00f3n, o la p\u00e9rdida, el recuento err\u00f3neo, la mala direcci\u00f3n, la inaccesibilidad o la falta de disponibilidad de una cuenta de correo electr\u00f3nico utilizada en relaci\u00f3n con InnovAcci\u00f3n.<\/p><p>Los Organizadores, Jueces y Patrocinadores no son responsables de ninguna lesi\u00f3n personal o da\u00f1o a la propiedad o p\u00e9rdidas de cualquier tipo que puedan sufrir los equipos inform\u00e1ticos del usuario o de cualquier otra persona como resultado de la participaci\u00f3n en InnovAcci\u00f3n, el uso del sitio web o la descarga de cualquier informaci\u00f3n del sitio web. Al participar en InnovAcci\u00f3n, el Equipo libera a los Organizadores, Jueces o Patrocinadores de todas y cada una de las reclamaciones, da\u00f1os o responsabilidades que surjan de o est\u00e9n relacionados con la participaci\u00f3n de dicho Equipo en InnovAcci\u00f3n. Al aceptar un premio, los Equipos acuerdan liberar, indemnizar y eximir de responsabilidad a los Organizadores, jueces o patrocinadores, as\u00ed como a cada una de sus respectivas empresas matrices y afiliadas u organizaciones, y a cada uno de sus empleados, representantes, contratistas y anunciantes de toda responsabilidad, p\u00e9rdida, da\u00f1o, costo o reclamaci\u00f3n relacionada con cualquier acusaci\u00f3n relativa a la aceptaci\u00f3n o el uso de su premio, incluida, entre otras cosas, la difusi\u00f3n del plan de negocios comercial. Los Organizadores, Jueces o Patrocinadores no son responsables en el caso de que cualquier parte de InnovAcci\u00f3n, del evento o de la transmisi\u00f3n del evento sea cancelada debido al clima, fuego, huelga, actos de guerra o terrorismo, o cualquier otra condici\u00f3n fuera de su control (un &#8220;Evento de Fuerza Mayor&#8221;).<\/p><p>Los Equipos acuerdan que los Organizadores tienen el derecho exclusivo de decidir todos los asuntos y controversias que surjan en InnovAcci\u00f3n y que todas las decisiones de los Organizadores son definitivas y vinculantes. Al aceptar un premio, los Equipos acuerdan liberar, indemnizar y eximir de responsabilidad a los Organizadores, Jueces o Patrocinadores, as\u00ed como a cada una de sus respectivas empresas matrices y afiliadas u organizaciones, y a cada uno de sus empleados, representantes, contratistas y anunciantes de toda responsabilidad, p\u00e9rdida, da\u00f1o, costo o reclamaci\u00f3n relacionada con cualquier acusaci\u00f3n relativa a la aceptaci\u00f3n o el uso de su premio, incluida, entre otras cosas, la difusi\u00f3n del plan de negocios comercial.<\/p><p>J.\u00a0<strong>Modificaci\u00f3n\u00a0<\/strong><strong>de las Reglas, T\u00e9rminos y Condiciones<\/strong><\/p><p>Los Organizadores pueden modificar las Reglas, T\u00e9rminos y Condiciones, incluyendo el aumento, disminuci\u00f3n o eliminaci\u00f3n de los Premios. Los Organizadores tambi\u00e9n podr\u00e1n modificar las fechas de InnovAcci\u00f3n o suspender temporal o definitivamente la ejecuci\u00f3n de InnovAcci\u00f3n seg\u00fan se considere oportuno.<\/p><p>Todas las modificaciones de los actuales T\u00e9rminos y Condiciones ser\u00e1n publicadas en el sitio web. La versi\u00f3n actual que se publica en el sitio web se considera la versi\u00f3n aplicable y definitiva.<\/p><p>Estas Reglas son Propiedad Intelectual de YABT. Queda prohibida la reproducci\u00f3n total o parcial sin autorizaci\u00f3n previa por escrito. Para cualquier duda contacte\u00a0<a href=\"mailto:ticamericas@yabt.net\">ticamericas@yabt.net<\/a>.<\/p><p><a href=\"http:\/\/www.ticamericas.net\/innova\/reglas\"><sup>[1]<\/sup><\/a>\u00a0Para los residentes en Argentina, el p\u00e1rrafo 3 del art\u00edculo 14 de la Ley No. 25. 326, se aplicar\u00e1. El Directorio Nacional de Protecci\u00f3n de Datos Personales, Ley No. 25. 326 \u00d3rgano de Control, tiene la autoridad para resolver las quejas y reclamaciones relativas a la violaci\u00f3n de las normas de protecci\u00f3n de datos personales.\u00a0Para los residentes en la Rep\u00fablica Oriental del Uruguay, el art\u00edculo 14 de la Ley No. 18. 331 se aplicar\u00e1n. La UNIDAD REGULADORA Y DE CONTROL DE DATOS PERSONALES, Ley No. 18. 331 \u00d3rgano de Control, tiene la autoridad para tratar las quejas relativas a la violaci\u00f3n de las normas de protecci\u00f3n de datos personales.\u00a0\u00a0<\/p><p><a href=\"http:\/\/www.ticamericas.net\/innova\/reglas\"><sup>[2]<\/sup><\/a>&#8220;Derechos de autor&#8221; es un t\u00e9rmino que se utiliza con frecuencia en relaci\u00f3n con las leyes sobre propiedad intelectual. Los derechos de autor tienen dos componentes distintos: los derechos patrimoniales de la obra y los derechos morales del autor. Los derechos de autor est\u00e1n protegidos internacionalmente por el Convenio de Berna para la Protecci\u00f3n de las Obras Literarias y Art\u00edsticas y por otros tratados similares.<\/p>\t\t\t\t\t\t\t\t<\/div>\n\t\t\t\t<\/div>\n\t\t\t\t\t<\/div>\n\t\t<\/div>\n\t\t\t\t\t<\/div>\n\t\t<\/section>\n\t\t\t\t<\/div>\n\t\t","protected":false},"excerpt":{"rendered":"<p>T\u00e9rminos y Condiciones Generales Acerca de los OrganizadoresOrganizador de InnovAcci\u00f3n: Young Americas Business Trust, 1889 F Street NW, Washington, DC, 20006 Co-Organizador de InnovAcci\u00f3n: Fundaci\u00f3n Interamericana, 1331 Pennsylvania Avenue NW #1200, Washington, DC 20004 En lo sucesivo denominados conjuntamente como los &#8220;Organizadores&#8221;. Legislaci\u00f3n aplicableEstos t\u00e9rminos se regir\u00e1n e interpretar\u00e1n de conformidad con las leyes de [&hellip;]<\/p>\n","protected":false},"author":1,"featured_media":0,"parent":198,"menu_order":0,"comment_status":"closed","ping_status":"closed","template":"","meta":{"inline_featured_image":false,"footnotes":""},"class_list":["post-274","page","type-page","status-publish","hentry"],"_links":{"self":[{"href":"https:\/\/ticamericas.net\/innova\/wp-json\/wp\/v2\/pages\/274","targetHints":{"allow":["GET"]}}],"collection":[{"href":"https:\/\/ticamericas.net\/innova\/wp-json\/wp\/v2\/pages"}],"about":[{"href":"https:\/\/ticamericas.net\/innova\/wp-json\/wp\/v2\/types\/page"}],"author":[{"embeddable":true,"href":"https:\/\/ticamericas.net\/innova\/wp-json\/wp\/v2\/users\/1"}],"replies":[{"embeddable":true,"href":"https:\/\/ticamericas.net\/innova\/wp-json\/wp\/v2\/comments?post=274"}],"version-history":[{"count":6,"href":"https:\/\/ticamericas.net\/innova\/wp-json\/wp\/v2\/pages\/274\/revisions"}],"predecessor-version":[{"id":282,"href":"https:\/\/ticamericas.net\/innova\/wp-json\/wp\/v2\/pages\/274\/revisions\/282"}],"up":[{"embeddable":true,"href":"https:\/\/ticamericas.net\/innova\/wp-json\/wp\/v2\/pages\/198"}],"wp:attachment":[{"href":"https:\/\/ticamericas.net\/innova\/wp-json\/wp\/v2\/media?parent=274"}],"curies":[{"name":"wp","href":"https:\/\/api.w.org\/{rel}","templated":true}]}}