{"id":256,"date":"2023-02-16T05:25:22","date_gmt":"2023-02-16T05:25:22","guid":{"rendered":"https:\/\/ticamericas.net\/innova\/?page_id=256"},"modified":"2025-05-13T04:09:40","modified_gmt":"2025-05-13T04:09:40","slug":"criterios-de-evaluacion","status":"publish","type":"page","link":"https:\/\/ticamericas.net\/innova\/2020-21\/reglas\/criterios-de-evaluacion\/","title":{"rendered":"Criterios de Evaluaci\u00f3n"},"content":{"rendered":"\t\t<div data-elementor-type=\"wp-page\" data-elementor-id=\"256\" class=\"elementor elementor-256\">\n\t\t\t\t\t\t<section class=\"elementor-section elementor-top-section elementor-element elementor-element-bc9a397 elementor-section-boxed elementor-section-height-default elementor-section-height-default\" data-id=\"bc9a397\" data-element_type=\"section\" data-e-type=\"section\">\n\t\t\t\t\t\t<div class=\"elementor-container elementor-column-gap-default\">\n\t\t\t\t\t<div class=\"elementor-column elementor-col-100 elementor-top-column elementor-element elementor-element-e1f2a4b\" data-id=\"e1f2a4b\" data-element_type=\"column\" data-e-type=\"column\">\n\t\t\t<div class=\"elementor-widget-wrap elementor-element-populated\">\n\t\t\t\t\t\t<div class=\"elementor-element elementor-element-cd7a403 elementor-widget elementor-widget-heading\" data-id=\"cd7a403\" data-element_type=\"widget\" data-e-type=\"widget\" data-widget_type=\"heading.default\">\n\t\t\t\t<div class=\"elementor-widget-container\">\n\t\t\t\t\t<h2 class=\"elementor-heading-title elementor-size-default\">Criterios de Evaluaci\u00f3n<\/h2>\t\t\t\t<\/div>\n\t\t\t\t<\/div>\n\t\t\t\t<div class=\"elementor-element elementor-element-114e117 elementor-widget elementor-widget-text-editor\" data-id=\"114e117\" data-element_type=\"widget\" data-e-type=\"widget\" data-widget_type=\"text-editor.default\">\n\t\t\t\t<div class=\"elementor-widget-container\">\n\t\t\t\t\t\t\t\t\t<p>Los jueces evaluar\u00e1n los Materiales de la Competencia bas\u00e1ndose en los elementos de evaluaci\u00f3n (&#8220;Elementos de evaluaci\u00f3n&#8221;) que identifiquen los componentes cr\u00edticos de un modelo de negocio exitoso. Cada Elemento de Evaluaci\u00f3n tiene un criterio individual (&#8220;Criterio de Evaluaci\u00f3n&#8221;). Los Jurados asignar\u00e1n puntos a cada Criterio de Evaluaci\u00f3n de acuerdo a la siguiente escala:<\/p><table width=\"553\"><tbody><tr><td><p>0<\/p><\/td><td><p>=\u00a0No cumple para nada con los criterios, ni lo intenta \u2013\u00a0<strong>Inaceptable<\/strong><\/p><\/td><\/tr><tr><td><p>1<\/p><\/td><td><p>= Cumple con alg\u00fan criterio,\u00a0de forma muy deficiente \u2013\u00a0<strong>Muy pobre<\/strong><\/p><\/td><\/tr><tr><td><p>2<\/p><\/td><td><p>= Cumple m\u00ednimamente con los criterios \u2013\u00a0<strong>Pobre<\/strong><\/p><\/td><\/tr><tr><td><p>3<\/p><\/td><td><p>= Cumple con los criterios, pero no los sobrepasa \u2013\u00a0<strong>Adecuado<\/strong><\/p><\/td><\/tr><tr><td><p>4<\/p><\/td><td><p>= Cumple con los criterios y los excede sustancialmente \u2013\u00a0<strong>Bien<\/strong><\/p><\/td><\/tr><tr><td><p>5<\/p><\/td><td><p>= Cumple con los criterios y demuestra la m\u00e1s alta excelencia y superioridad \u2013\u00a0<strong>Excelente<\/strong><\/p><\/td><\/tr><\/tbody><\/table><p><strong>Criterios de Evaluaci\u00f3n de Semi-Finales<\/strong><\/p><p>Los Jurados evaluar\u00e1n los Materiales de la Competencia durante las Semi-Finales de acuerdo a los siguientes Elementos de Evaluaci\u00f3n y Criterios de Evaluaci\u00f3n.<\/p><table width=\"939\"><tbody><tr><td><p><strong>Elementos de Evaluaci\u00f3n<\/strong><\/p><\/td><td><p><strong>Criterios de Evaluaci\u00f3n<\/strong><\/p><\/td><td><p><strong>Porcentaje<\/strong><\/p><\/td><\/tr><tr><td colspan=\"2\"><p><strong>A) Plan de Negocios<\/strong><\/p><\/td><td><p><strong>75%<\/strong><\/p><\/td><\/tr><tr><td><p>Innovaci\u00f3n y Relevancia de la Categor\u00eda<\/p><\/td><td><ul><li>El plan de negocios presenta una soluci\u00f3n creativa, realista, medible o novedosa en la que centra su propuesta conceptual.<\/li><li>El plan de negocios presenta claramente c\u00f3mo la soluci\u00f3n (o la adaptaci\u00f3n de una soluci\u00f3n existente) es diferente y mejora los resultados o las condiciones actuales.<\/li><li>El plan de negocios aborda el reto global de InnovAcci\u00f3n: la recuperaci\u00f3n de COVID-19.<\/li><li>El plan de negocios demuestra una respuesta o una conexi\u00f3n directa con una de las cuatro categor\u00edas de InnovAcci\u00f3n.<\/li><\/ul><\/td><td><p>20%<\/p><\/td><\/tr><tr><td><p>Viabilidad de mercado<\/p><\/td><td><ul><li>Presenta un an\u00e1lisis preliminar claro de la comunidad o mercado donde operar\u00e1 el proyecto.<\/li><li>El estudio de mercado aborda necesidades espec\u00edficas, una oportunidad de mercado o una demanda.<\/li><li>El plan de negocios indica claramente c\u00f3mo se entregar\u00e1n o expandir\u00e1n sus beneficios \/ caracter\u00edsticas seg\u00fan la demanda \/ oportunidad \/ necesidades.<\/li><li>Demuestra factibilidad operativa, t\u00e9cnica y econ\u00f3mica de la implementaci\u00f3n del proyecto.<\/li><\/ul><\/td><td><p>20%<\/p><\/td><\/tr><tr><td><p>Viabilidad de gesti\u00f3n \u00a0<\/p><\/td><td><ul><li>Proporciona una estructura organizativa adecuada: misi\u00f3n, visi\u00f3n, objetivos, equipo u organigrama con funciones claras y diversidad entre los Miembros del Equipo, Mentores y voluntarios.<\/li><li>Demuestra capacidades o activos organizacionales: espacios f\u00edsicos o equipos desde donde operar, productos o servicios, patentes (si aplica), prototipo (si aplica).<\/li><li>Demuestra una oportunidad de participaci\u00f3n a trav\u00e9s de herramientas en l\u00ednea: sitio web, aplicaci\u00f3n, comunidad virtual, blog o grupo, canal de comercializaci\u00f3n virtual, cuentas de medios sociales, boletines, entre otros<\/li><\/ul><\/td><td><p>15%<\/p><\/td><\/tr><tr><td><p>Viabilidad Financiera<\/p><\/td><td><ul><li>Establece claramente cu\u00e1nto capital \/ inversi\u00f3n se necesita para lanzar \/ operar anualmente y las fuentes de capital.<\/li><li>Presenta un presupuesto operativo s\u00f3lido y claro.<\/li><li>Demuestra eficiencia en su estructura financiera y pron\u00f3stico.<\/li><li>Demuestra una oportunidad de inversi\u00f3n social para apoyar el desarrollo de la soluci\u00f3n, proyecto o idea.<\/li><\/ul><\/td><td><p>20%<\/p><\/td><\/tr><tr><td colspan=\"2\"><p><strong>\u00a0B) Participaci\u00f3n de la Comunidad<\/strong><\/p><\/td><td><p><strong>15%<\/strong><\/p><\/td><\/tr><tr><td><p><strong>\u00a0<\/strong><\/p><\/td><td><ul><li>Demuestra una estrategia clara para trabajar con organizaciones comunitarias y grupos sociales en el desarrollo del negocio o iniciativa.<\/li><li>Incorpora planes y una visi\u00f3n para mejorar la vida de los miembros de la comunidad donde se implementar\u00e1 el proyecto o la empresa operar\u00e1.<\/li><li>Los miembros de la comunidad participan y contribuyen al desarrollo del concepto empresarial y la estrategia de sostenibilidad.<\/li><\/ul><\/td><td><p><strong>\u00a0<\/strong><\/p><\/td><\/tr><tr><td colspan=\"2\"><p><strong>C) Representaci\u00f3n de Poblaciones Marginadas<\/strong><\/p><\/td><td><p><strong>10%<\/strong><\/p><\/td><\/tr><tr><td><p><strong>\u00a0<\/strong><\/p><\/td><td><ul><li>Los miembros del Equipo son representantes de afrodescendientes, ind\u00edgenas, LGBTI, personas con discapacidades, migrantes\/refugiados y u otras comunidades marginadas.<\/li><li>El plan de negocios involucra y se compromete activamente con afrodescendientes, ind\u00edgenas, LGBTI, personas con discapacidades, migrantes\/refugiados y\/u otras comunidades marginadas como poblaci\u00f3n objetivo.<\/li><\/ul><\/td><td><p><strong>\u00a0<\/strong><\/p><\/td><\/tr><tr><td><p><strong>Total<\/strong><\/p><\/td><td><p><strong>\u00a0<\/strong><\/p><\/td><td><p><strong>\u00a0100%<\/strong><\/p><\/td><\/tr><\/tbody><\/table><p><strong>Criterios de Evaluaci\u00f3n de Finales<\/strong><\/p><p>Los Jurados evaluar\u00e1n a los Equipos y los Materiales de la Competencia durante las Finales de acuerdo a los siguientes Elementos de Evaluaci\u00f3n y Criterios de Evaluaci\u00f3n.<\/p><table width=\"937\"><tbody><tr><td><p><strong>Elementos de Evaluaci\u00f3n<\/strong><\/p><\/td><td><p><strong>Criterios de Evaluaci\u00f3n<\/strong><\/p><\/td><td><p><strong>Porcentaje<\/strong><\/p><\/td><\/tr><tr><td colspan=\"2\"><p><strong>A) Viabilidad del Negocio<\/strong><\/p><\/td><td><p><strong>60%<\/strong><\/p><\/td><\/tr><tr><td><p>Plan de Negocios<\/p><\/td><td><ul><li>\u00bfQu\u00e9 tan bien responde\/aborda la idea el reto en general y la categor\u00eda espec\u00edfica?<\/li><li>\u00bfQu\u00e9 tan bien presenta el plan de negocios general la idea y sus elementos?<\/li><li>\u00bfQu\u00e9 tan factible es la soluci\u00f3n empresarial, la iniciativa o la idea en las condiciones reales del mercado?<\/li><li>\u00bfQu\u00e9 tan clara es la viabilidad operativa, tecnol\u00f3gica, de red de apoyo y econ\u00f3mica del negocio?<\/li><li>\u00bfC\u00f3mo la soluci\u00f3n empresarial, iniciativa o idea mejora o transforma la vida de la comunidad donde operar\u00e1 y c\u00f3mo presentan evidencia de esto?<\/li><\/ul><\/td><td><p>25%<\/p><\/td><\/tr><tr><td><p>Presentaci\u00f3n<\/p><\/td><td><ul><li>\u00bfQu\u00e9 tan eficaz y convincente presenta el equipo el plan de negocios?<\/li><li>\u00bfQu\u00e9 tan bien demuestra la presentaci\u00f3n el trabajo en equipo y la cooperaci\u00f3n personal?<\/li><li>\u00bfQu\u00e9 tan clara es la presentaci\u00f3n verbal del plan de negocios y las actividades?<\/li><li>\u00bfQu\u00e9 tan atractiva es la presentaci\u00f3n visual cuando se muestran elementos gr\u00e1ficos para exponer la idea y las actividades comerciales?<\/li><\/ul><\/td><td><p>20%<\/p><\/td><\/tr><tr><td><p>Portafolio Visual<\/p><\/td><td><ul><li>\u00bfQu\u00e9 tan efectiva es la imagen o el portafolio visual (video, galer\u00eda de fotos, blog, sitio web, etc.) para presentar las caracter\u00edsticas del producto o servicio?<\/li><li>\u00bfQu\u00e9 tan bien presenta el material promocional una imagen de calidad para el negocio y resume la idea de negocio?<\/li><li>\u00bfQu\u00e9 tan bien demuestra la imagen o el portafolio visual un dise\u00f1o\/funcionalidad innovadora?<\/li><\/ul><\/td><td><p>15%<\/p><\/td><\/tr><tr><td colspan=\"2\"><p><strong>B) Estrategia Financiera y de Inversi\u00f3n<\/strong><\/p><\/td><td><p><strong>20%<\/strong><\/p><\/td><\/tr><tr><td>\u00a0<\/td><td><ul><li>Establece claramente la inversi\u00f3n de capital y las fuentes de capital.<\/li><li>Explica bien una oportunidad de retorno social de la inversi\u00f3n.<\/li><li>Demuestra una oportunidad para que la industria o la comunidad internacional apoyen el desarrollo de la soluci\u00f3n, iniciativa o la idea a nivel local.<\/li><li>Demuestra eficiencia en su estructura financiera y pron\u00f3stico.<\/li><\/ul><\/td><td>\u00a0<\/td><\/tr><tr><td colspan=\"2\"><p><strong>C) Transformaci\u00f3n y escala<\/strong><\/p><\/td><td><p><strong>20%<\/strong><\/p><\/td><\/tr><tr><td>\u00a0<\/td><td><ul><li>Demuestra la participaci\u00f3n con comunidades de base, organizaciones y\/o grupos marginados.<\/li><li>Estrategia clara de escalabilidad con el potencial de impactar en otras comunidades o regiones.<\/li><li>Claramente presenta el potencial para lograr cambios transformadores en la categor\u00eda.<\/li><li>Aumento o mejora de la participaci\u00f3n de la comunidad en relaci\u00f3n con la evaluaci\u00f3n de la Ronda de Semi-Finales.<\/li><\/ul><\/td><td>\u00a0<\/td><\/tr><tr><td><p><strong>Total<\/strong><\/p><\/td><td><p><strong>\u00a0<\/strong><\/p><\/td><td><p><strong>100%<\/strong><\/p><\/td><\/tr><\/tbody><\/table>\t\t\t\t\t\t\t\t<\/div>\n\t\t\t\t<\/div>\n\t\t\t\t\t<\/div>\n\t\t<\/div>\n\t\t\t\t\t<\/div>\n\t\t<\/section>\n\t\t\t\t<\/div>\n\t\t","protected":false},"excerpt":{"rendered":"<p>Criterios de Evaluaci\u00f3n Los jueces evaluar\u00e1n los Materiales de la Competencia bas\u00e1ndose en los elementos de evaluaci\u00f3n (&#8220;Elementos de evaluaci\u00f3n&#8221;) que identifiquen los componentes cr\u00edticos de un modelo de negocio exitoso. Cada Elemento de Evaluaci\u00f3n tiene un criterio individual (&#8220;Criterio de Evaluaci\u00f3n&#8221;). Los Jurados asignar\u00e1n puntos a cada Criterio de Evaluaci\u00f3n de acuerdo a la [&hellip;]<\/p>\n","protected":false},"author":1,"featured_media":0,"parent":198,"menu_order":0,"comment_status":"closed","ping_status":"closed","template":"","meta":{"inline_featured_image":false,"footnotes":""},"class_list":["post-256","page","type-page","status-publish","hentry"],"_links":{"self":[{"href":"https:\/\/ticamericas.net\/innova\/wp-json\/wp\/v2\/pages\/256","targetHints":{"allow":["GET"]}}],"collection":[{"href":"https:\/\/ticamericas.net\/innova\/wp-json\/wp\/v2\/pages"}],"about":[{"href":"https:\/\/ticamericas.net\/innova\/wp-json\/wp\/v2\/types\/page"}],"author":[{"embeddable":true,"href":"https:\/\/ticamericas.net\/innova\/wp-json\/wp\/v2\/users\/1"}],"replies":[{"embeddable":true,"href":"https:\/\/ticamericas.net\/innova\/wp-json\/wp\/v2\/comments?post=256"}],"version-history":[{"count":7,"href":"https:\/\/ticamericas.net\/innova\/wp-json\/wp\/v2\/pages\/256\/revisions"}],"predecessor-version":[{"id":2742,"href":"https:\/\/ticamericas.net\/innova\/wp-json\/wp\/v2\/pages\/256\/revisions\/2742"}],"up":[{"embeddable":true,"href":"https:\/\/ticamericas.net\/innova\/wp-json\/wp\/v2\/pages\/198"}],"wp:attachment":[{"href":"https:\/\/ticamericas.net\/innova\/wp-json\/wp\/v2\/media?parent=256"}],"curies":[{"name":"wp","href":"https:\/\/api.w.org\/{rel}","templated":true}]}}