{"id":1753,"date":"2023-05-25T17:14:31","date_gmt":"2023-05-25T17:14:31","guid":{"rendered":"https:\/\/ticamericas.net\/finales\/?page_id=1753"},"modified":"2023-06-02T17:21:36","modified_gmt":"2023-06-02T17:21:36","slug":"finalistas-del-eco-reto-2023","status":"publish","type":"page","link":"https:\/\/ticamericas.net\/finales\/finalistas-del-eco-reto-2023\/","title":{"rendered":"Finalistas del Eco-Reto 2023"},"content":{"rendered":"\t\t<div data-elementor-type=\"wp-page\" data-elementor-id=\"1753\" class=\"elementor elementor-1753\">\n\t\t\t\t\t\t<section class=\"elementor-section elementor-top-section elementor-element elementor-element-d676241 elementor-section-boxed elementor-section-height-default elementor-section-height-default\" data-id=\"d676241\" data-element_type=\"section\" data-e-type=\"section\" data-settings=\"{&quot;background_background&quot;:&quot;classic&quot;}\">\n\t\t\t\t\t\t<div class=\"elementor-container elementor-column-gap-default\">\n\t\t\t\t\t<div class=\"elementor-column elementor-col-100 elementor-top-column elementor-element elementor-element-f726cbd\" data-id=\"f726cbd\" data-element_type=\"column\" data-e-type=\"column\">\n\t\t\t<div class=\"elementor-widget-wrap elementor-element-populated\">\n\t\t\t\t\t\t<section class=\"elementor-section elementor-inner-section elementor-element elementor-element-7d13313 elementor-section-boxed elementor-section-height-default elementor-section-height-default\" data-id=\"7d13313\" data-element_type=\"section\" data-e-type=\"section\">\n\t\t\t\t\t\t<div class=\"elementor-container elementor-column-gap-default\">\n\t\t\t\t\t<div class=\"elementor-column elementor-col-33 elementor-inner-column elementor-element elementor-element-41d460a\" data-id=\"41d460a\" data-element_type=\"column\" data-e-type=\"column\">\n\t\t\t<div class=\"elementor-widget-wrap elementor-element-populated\">\n\t\t\t\t\t\t<div class=\"elementor-element elementor-element-b78855b elementor-widget elementor-widget-image\" data-id=\"b78855b\" data-element_type=\"widget\" data-e-type=\"widget\" data-widget_type=\"image.default\">\n\t\t\t\t<div class=\"elementor-widget-container\">\n\t\t\t\t\t\t\t\t\t\t\t\t\t\t\t\t<a href=\"http:\/\/www.yabt.net\/es\" target=\"_blank\">\n\t\t\t\t\t\t\t<img decoding=\"async\" src=\"https:\/\/ticamericas.net\/finales\/wp-content\/uploads\/sites\/2\/elementor\/thumbs\/yabt_white-q0vm8wrttw15gadj1lq4ba8w6y7wzkuh6irz7cba4g.png\" title=\"\" alt=\"\" loading=\"lazy\" \/>\t\t\t\t\t\t\t\t<\/a>\n\t\t\t\t\t\t\t\t\t\t\t\t\t\t\t<\/div>\n\t\t\t\t<\/div>\n\t\t\t\t\t<\/div>\n\t\t<\/div>\n\t\t\t\t<div class=\"elementor-column elementor-col-33 elementor-inner-column elementor-element elementor-element-927777e\" data-id=\"927777e\" data-element_type=\"column\" data-e-type=\"column\">\n\t\t\t<div class=\"elementor-widget-wrap elementor-element-populated\">\n\t\t\t\t\t\t<div class=\"elementor-element elementor-element-8ff814c elementor-widget elementor-widget-image\" data-id=\"8ff814c\" data-element_type=\"widget\" data-e-type=\"widget\" data-widget_type=\"image.default\">\n\t\t\t\t<div class=\"elementor-widget-container\">\n\t\t\t\t\t\t\t\t\t\t\t\t\t\t\t\t<a href=\"http:\/\/www.oas.org\/es\" target=\"_blank\">\n\t\t\t\t\t\t\t<img decoding=\"async\" src=\"https:\/\/ticamericas.net\/finales\/wp-content\/uploads\/sites\/2\/elementor\/thumbs\/oea_white-q0uovatb3d45iib9qhhyml2pyn41rv554enrxmnaps.png\" title=\"\" alt=\"\" loading=\"lazy\" \/>\t\t\t\t\t\t\t\t<\/a>\n\t\t\t\t\t\t\t\t\t\t\t\t\t\t\t<\/div>\n\t\t\t\t<\/div>\n\t\t\t\t\t<\/div>\n\t\t<\/div>\n\t\t\t\t<div class=\"elementor-column elementor-col-33 elementor-inner-column elementor-element elementor-element-a812ed7\" data-id=\"a812ed7\" data-element_type=\"column\" data-e-type=\"column\">\n\t\t\t<div class=\"elementor-widget-wrap elementor-element-populated\">\n\t\t\t\t\t\t<div class=\"elementor-element elementor-element-3807fe4 elementor-widget elementor-widget-image\" data-id=\"3807fe4\" data-element_type=\"widget\" data-e-type=\"widget\" data-widget_type=\"image.default\">\n\t\t\t\t<div class=\"elementor-widget-container\">\n\t\t\t\t\t\t\t\t\t\t\t\t\t\t\t\t<a href=\"https:\/\/www.pepsico.com\/\" target=\"_blank\">\n\t\t\t\t\t\t\t<img decoding=\"async\" src=\"https:\/\/ticamericas.net\/finales\/wp-content\/uploads\/sites\/2\/elementor\/thumbs\/pepsico2022-q6zsaig5c7p4zbl6uunyju1p9fhxqwcj4iyu7pemtc.png\" title=\"\" alt=\"\" loading=\"lazy\" \/>\t\t\t\t\t\t\t\t<\/a>\n\t\t\t\t\t\t\t\t\t\t\t\t\t\t\t<\/div>\n\t\t\t\t<\/div>\n\t\t\t\t\t<\/div>\n\t\t<\/div>\n\t\t\t\t\t<\/div>\n\t\t<\/section>\n\t\t\t\t<section class=\"elementor-section elementor-inner-section elementor-element elementor-element-ebc890e elementor-section-boxed elementor-section-height-default elementor-section-height-default\" data-id=\"ebc890e\" data-element_type=\"section\" data-e-type=\"section\">\n\t\t\t\t\t\t<div class=\"elementor-container elementor-column-gap-default\">\n\t\t\t\t\t<div class=\"elementor-column elementor-col-100 elementor-inner-column elementor-element elementor-element-4a03d38\" data-id=\"4a03d38\" data-element_type=\"column\" data-e-type=\"column\">\n\t\t\t<div class=\"elementor-widget-wrap elementor-element-populated\">\n\t\t\t\t\t\t<div class=\"elementor-element elementor-element-1fcb2f8 elementor-widget elementor-widget-spacer\" data-id=\"1fcb2f8\" data-element_type=\"widget\" data-e-type=\"widget\" data-widget_type=\"spacer.default\">\n\t\t\t\t<div class=\"elementor-widget-container\">\n\t\t\t\t\t\t\t<div class=\"elementor-spacer\">\n\t\t\t<div class=\"elementor-spacer-inner\"><\/div>\n\t\t<\/div>\n\t\t\t\t\t\t<\/div>\n\t\t\t\t<\/div>\n\t\t\t\t<div class=\"elementor-element elementor-element-1c87b79 elementor-widget elementor-widget-image\" data-id=\"1c87b79\" data-element_type=\"widget\" data-e-type=\"widget\" data-widget_type=\"image.default\">\n\t\t\t\t<div class=\"elementor-widget-container\">\n\t\t\t\t\t\t\t\t\t\t\t\t\t\t\t\t<a href=\"https:\/\/ticamericas.net\/eco-reto\/\" target=\"_blank\">\n\t\t\t\t\t\t\t<img fetchpriority=\"high\" decoding=\"async\" width=\"600\" height=\"296\" src=\"https:\/\/ticamericas.net\/finales\/wp-content\/uploads\/sites\/2\/2023\/05\/ecoreto2023-768x379.png\" class=\"attachment-medium_large size-medium_large wp-image-1758\" alt=\"\" srcset=\"https:\/\/ticamericas.net\/finales\/wp-content\/uploads\/sites\/2\/2023\/05\/ecoreto2023-768x379.png 768w, https:\/\/ticamericas.net\/finales\/wp-content\/uploads\/sites\/2\/2023\/05\/ecoreto2023-300x148.png 300w, https:\/\/ticamericas.net\/finales\/wp-content\/uploads\/sites\/2\/2023\/05\/ecoreto2023-400x197.png 400w, https:\/\/ticamericas.net\/finales\/wp-content\/uploads\/sites\/2\/2023\/05\/ecoreto2023-270x133.png 270w, https:\/\/ticamericas.net\/finales\/wp-content\/uploads\/sites\/2\/2023\/05\/ecoreto2023.png 930w\" sizes=\"(max-width: 600px) 100vw, 600px\" \/>\t\t\t\t\t\t\t\t<\/a>\n\t\t\t\t\t\t\t\t\t\t\t\t\t\t\t<\/div>\n\t\t\t\t<\/div>\n\t\t\t\t<div class=\"elementor-element elementor-element-152bd55 elementor-widget elementor-widget-image\" data-id=\"152bd55\" data-element_type=\"widget\" data-e-type=\"widget\" data-widget_type=\"image.default\">\n\t\t\t\t<div class=\"elementor-widget-container\">\n\t\t\t\t\t\t\t\t\t\t\t\t\t\t\t\t<a href=\"https:\/\/ticamericas.net\/\" target=\"_blank\">\n\t\t\t\t\t\t\t<img decoding=\"async\" width=\"459\" height=\"112\" src=\"https:\/\/ticamericas.net\/finales\/wp-content\/uploads\/sites\/2\/2023\/05\/ticamericas2023-1.png\" class=\"attachment-large size-large wp-image-1759\" alt=\"\" srcset=\"https:\/\/ticamericas.net\/finales\/wp-content\/uploads\/sites\/2\/2023\/05\/ticamericas2023-1.png 459w, https:\/\/ticamericas.net\/finales\/wp-content\/uploads\/sites\/2\/2023\/05\/ticamericas2023-1-300x73.png 300w, https:\/\/ticamericas.net\/finales\/wp-content\/uploads\/sites\/2\/2023\/05\/ticamericas2023-1-400x98.png 400w, https:\/\/ticamericas.net\/finales\/wp-content\/uploads\/sites\/2\/2023\/05\/ticamericas2023-1-270x66.png 270w\" sizes=\"(max-width: 459px) 100vw, 459px\" \/>\t\t\t\t\t\t\t\t<\/a>\n\t\t\t\t\t\t\t\t\t\t\t\t\t\t\t<\/div>\n\t\t\t\t<\/div>\n\t\t\t\t<div class=\"elementor-element elementor-element-251aaab elementor-widget elementor-widget-spacer\" data-id=\"251aaab\" data-element_type=\"widget\" data-e-type=\"widget\" data-widget_type=\"spacer.default\">\n\t\t\t\t<div class=\"elementor-widget-container\">\n\t\t\t\t\t\t\t<div class=\"elementor-spacer\">\n\t\t\t<div class=\"elementor-spacer-inner\"><\/div>\n\t\t<\/div>\n\t\t\t\t\t\t<\/div>\n\t\t\t\t<\/div>\n\t\t\t\t\t<\/div>\n\t\t<\/div>\n\t\t\t\t\t<\/div>\n\t\t<\/section>\n\t\t\t\t<section class=\"elementor-section elementor-inner-section elementor-element elementor-element-bc96c0a elementor-section-boxed elementor-section-height-default elementor-section-height-default\" data-id=\"bc96c0a\" data-element_type=\"section\" data-e-type=\"section\" data-settings=\"{&quot;background_background&quot;:&quot;classic&quot;}\">\n\t\t\t\t\t\t<div class=\"elementor-container elementor-column-gap-default\">\n\t\t\t\t\t<div class=\"elementor-column elementor-col-100 elementor-inner-column elementor-element elementor-element-5f96394\" data-id=\"5f96394\" data-element_type=\"column\" data-e-type=\"column\">\n\t\t\t<div class=\"elementor-widget-wrap elementor-element-populated\">\n\t\t\t\t\t\t<div class=\"elementor-element elementor-element-1c75b07 elementor-widget elementor-widget-spacer\" data-id=\"1c75b07\" data-element_type=\"widget\" data-e-type=\"widget\" data-widget_type=\"spacer.default\">\n\t\t\t\t<div class=\"elementor-widget-container\">\n\t\t\t\t\t\t\t<div class=\"elementor-spacer\">\n\t\t\t<div class=\"elementor-spacer-inner\"><\/div>\n\t\t<\/div>\n\t\t\t\t\t\t<\/div>\n\t\t\t\t<\/div>\n\t\t\t\t<div class=\"elementor-element elementor-element-4f7594e elementor-widget elementor-widget-heading\" data-id=\"4f7594e\" data-element_type=\"widget\" data-e-type=\"widget\" data-widget_type=\"heading.default\">\n\t\t\t\t<div class=\"elementor-widget-container\">\n\t\t\t\t\t<h3 class=\"elementor-heading-title elementor-size-default\">FINALISTAS DEL ECO-RETO 2023<\/h3>\t\t\t\t<\/div>\n\t\t\t\t<\/div>\n\t\t\t\t<div class=\"elementor-element elementor-element-bd25950 elementor-widget elementor-widget-spacer\" data-id=\"bd25950\" data-element_type=\"widget\" data-e-type=\"widget\" data-widget_type=\"spacer.default\">\n\t\t\t\t<div class=\"elementor-widget-container\">\n\t\t\t\t\t\t\t<div class=\"elementor-spacer\">\n\t\t\t<div class=\"elementor-spacer-inner\"><\/div>\n\t\t<\/div>\n\t\t\t\t\t\t<\/div>\n\t\t\t\t<\/div>\n\t\t\t\t<div class=\"elementor-element elementor-element-00a6e71 elementor-widget elementor-widget-text-editor\" data-id=\"00a6e71\" data-element_type=\"widget\" data-e-type=\"widget\" data-widget_type=\"text-editor.default\">\n\t\t\t\t<div class=\"elementor-widget-container\">\n\t\t\t\t\t\t\t\t\t<p><span style=\"font-weight: 400;\">El<\/span><span style=\"text-decoration: underline;\"><a href=\"http:\/\/www.yabt.net\"> <span style=\"font-weight: 400;\">Young Americas Business Trust (YABT)<\/span><\/a><\/span><span style=\"font-weight: 400;\"> en colaboraci\u00f3n con<\/span><span style=\"text-decoration: underline;\"><a href=\"https:\/\/www.pepsico.com\/\"> <span style=\"font-weight: 400;\">PepsiCo Bebidas Latinoam\u00e9rica<\/span><\/a><\/span><span style=\"font-weight: 400;\"> y la<\/span><span style=\"text-decoration: underline;\"><a href=\"http:\/\/www.oas.org\"> <span style=\"font-weight: 400;\">Organizaci\u00f3n de los Estados Americanos (OEA)<\/span><\/a><\/span><span style=\"font-weight: 400;\">, se complacen en anunciar a los <\/span><b>8 equipos Finalistas del Eco-Reto 2023 <\/b><span style=\"font-weight: 400;\">en sus dos<\/span> <span style=\"font-weight: 400;\">prioridades: <\/span><b>Educaci\u00f3n y Tecnolog\u00eda.<\/b><span style=\"font-weight: 400;\">\u00a0<\/span><\/p><p><span style=\"font-weight: 400;\">El Eco-Reto es una categor\u00eda especial del<\/span><span style=\"text-decoration: underline;\"><a href=\"http:\/\/www.ticamericas.net\"> <span style=\"font-weight: 400;\">TIC Am\u00e9ricas<\/span><\/a><\/span><span style=\"font-weight: 400;\"> que impulsa el desarrollo sostenible en Am\u00e9rica Latina y el Caribe. Un total de <\/span><b>2490 j\u00f3venes provenientes de 35 pa\u00edses<\/b><span style=\"font-weight: 400;\"> registraron sus propuestas innovadoras e iniciativas empresariales sostenibles.<\/span><\/p><p><span style=\"font-weight: 400;\">YABT y PepsiCo trabajaron de la mano con la juventud en el desarrollo de soluciones innovadoras que contribuyan a la creaci\u00f3n de una sociedad diversa, equitativa e inclusiva y con la capacidad de reducir el impacto ambiental; a trav\u00e9s de ello, respondiendo a la estrategia de sostenibilidad<\/span><span style=\"text-decoration: underline;\"><a href=\"https:\/\/www.pepsico.com\/who-we-are\/our-commitments\/pepsico-positive\"> <span style=\"font-weight: 400;\">PepsiCo Positive (Pep+)<\/span><\/a><\/span><span style=\"font-weight: 400;\"> y sus tres pilares: Agricultura Positiva, Cadena de Valor Positiva y Elecciones Positivas.\u00a0<\/span><\/p>\t\t\t\t\t\t\t\t<\/div>\n\t\t\t\t<\/div>\n\t\t\t\t<div class=\"elementor-element elementor-element-cdcab77 elementor-widget elementor-widget-spacer\" data-id=\"cdcab77\" data-element_type=\"widget\" data-e-type=\"widget\" data-widget_type=\"spacer.default\">\n\t\t\t\t<div class=\"elementor-widget-container\">\n\t\t\t\t\t\t\t<div class=\"elementor-spacer\">\n\t\t\t<div class=\"elementor-spacer-inner\"><\/div>\n\t\t<\/div>\n\t\t\t\t\t\t<\/div>\n\t\t\t\t<\/div>\n\t\t\t\t\t<\/div>\n\t\t<\/div>\n\t\t\t\t\t<\/div>\n\t\t<\/section>\n\t\t\t\t<section class=\"elementor-section elementor-inner-section elementor-element elementor-element-b90cc77 elementor-section-boxed elementor-section-height-default elementor-section-height-default\" data-id=\"b90cc77\" data-element_type=\"section\" data-e-type=\"section\" data-settings=\"{&quot;background_background&quot;:&quot;classic&quot;}\">\n\t\t\t\t\t\t<div class=\"elementor-container elementor-column-gap-default\">\n\t\t\t\t\t<div class=\"elementor-column elementor-col-100 elementor-inner-column elementor-element elementor-element-2cf878e\" data-id=\"2cf878e\" data-element_type=\"column\" data-e-type=\"column\">\n\t\t\t<div class=\"elementor-widget-wrap elementor-element-populated\">\n\t\t\t\t\t\t<div class=\"elementor-element elementor-element-fcd3aa9 elementor-widget elementor-widget-spacer\" data-id=\"fcd3aa9\" data-element_type=\"widget\" data-e-type=\"widget\" data-widget_type=\"spacer.default\">\n\t\t\t\t<div class=\"elementor-widget-container\">\n\t\t\t\t\t\t\t<div class=\"elementor-spacer\">\n\t\t\t<div class=\"elementor-spacer-inner\"><\/div>\n\t\t<\/div>\n\t\t\t\t\t\t<\/div>\n\t\t\t\t<\/div>\n\t\t\t\t\t<\/div>\n\t\t<\/div>\n\t\t\t\t\t<\/div>\n\t\t<\/section>\n\t\t\t\t<div class=\"elementor-element elementor-element-fb8e242 elementor-widget elementor-widget-spacer\" data-id=\"fb8e242\" data-element_type=\"widget\" data-e-type=\"widget\" data-widget_type=\"spacer.default\">\n\t\t\t\t<div class=\"elementor-widget-container\">\n\t\t\t\t\t\t\t<div class=\"elementor-spacer\">\n\t\t\t<div class=\"elementor-spacer-inner\"><\/div>\n\t\t<\/div>\n\t\t\t\t\t\t<\/div>\n\t\t\t\t<\/div>\n\t\t\t\t<div class=\"elementor-element elementor-element-f46615c subtitlesEco elementor-widget elementor-widget-heading\" data-id=\"f46615c\" data-element_type=\"widget\" data-e-type=\"widget\" data-widget_type=\"heading.default\">\n\t\t\t\t<div class=\"elementor-widget-container\">\n\t\t\t\t\t<h3 class=\"elementor-heading-title elementor-size-default\">Los 8 equipos Finalistas son:<\/h3>\t\t\t\t<\/div>\n\t\t\t\t<\/div>\n\t\t\t\t<div class=\"elementor-element elementor-element-6a503c9 elementor-widget-divider--view-line elementor-widget elementor-widget-divider\" data-id=\"6a503c9\" data-element_type=\"widget\" data-e-type=\"widget\" data-widget_type=\"divider.default\">\n\t\t\t\t<div class=\"elementor-widget-container\">\n\t\t\t\t\t\t\t<div class=\"elementor-divider\">\n\t\t\t<span class=\"elementor-divider-separator\">\n\t\t\t\t\t\t<\/span>\n\t\t<\/div>\n\t\t\t\t\t\t<\/div>\n\t\t\t\t<\/div>\n\t\t\t\t<section class=\"elementor-section elementor-inner-section elementor-element elementor-element-a7064f5 elementor-section-boxed elementor-section-height-default elementor-section-height-default\" data-id=\"a7064f5\" data-element_type=\"section\" data-e-type=\"section\" data-settings=\"{&quot;background_background&quot;:&quot;classic&quot;}\">\n\t\t\t\t\t\t<div class=\"elementor-container elementor-column-gap-default\">\n\t\t\t\t\t<div class=\"elementor-column elementor-col-50 elementor-inner-column elementor-element elementor-element-43e3b82\" data-id=\"43e3b82\" data-element_type=\"column\" data-e-type=\"column\">\n\t\t\t<div class=\"elementor-widget-wrap elementor-element-populated\">\n\t\t\t\t\t\t<div class=\"elementor-element elementor-element-6d9f1f9 subtitlesEco elementor-widget elementor-widget-heading\" data-id=\"6d9f1f9\" data-element_type=\"widget\" data-e-type=\"widget\" data-widget_type=\"heading.default\">\n\t\t\t\t<div class=\"elementor-widget-container\">\n\t\t\t\t\t<h4 class=\"elementor-heading-title elementor-size-default\">Educaci\u00f3n<\/h4>\t\t\t\t<\/div>\n\t\t\t\t<\/div>\n\t\t\t\t<div class=\"elementor-element elementor-element-3e2db1e elementor-widget elementor-widget-text-editor\" data-id=\"3e2db1e\" data-element_type=\"widget\" data-e-type=\"widget\" data-widget_type=\"text-editor.default\">\n\t\t\t\t<div class=\"elementor-widget-container\">\n\t\t\t\t\t\t\t\t\t<table><tbody><tr><td style=\"text-align: center;\"><p><strong>Bosco Verde<br \/><\/strong>\ud83c\uddf8\ud83c\uddfb El Salvador<br \/><span style=\"text-decoration: underline;\"><a href=\"https:\/\/www.facebook.com\/RedFUSALMO\" target=\"_blank\" rel=\"noopener\">Website<\/a><\/span><\/p><\/td><td style=\"text-align: center;\"><p><strong>Z\u00f4ni<br \/><\/strong>\ud83c\udde7\ud83c\uddf7 Brasil<br \/><span style=\"text-decoration: underline;\"><a href=\"https:\/\/www.instagram.com\/vestezoni\/\" target=\"_blank\" rel=\"noopener\">Website<\/a><\/span><\/p><\/td><\/tr><tr><td style=\"text-align: center;\"><p><strong>Mutare mundo<br \/><\/strong>\ud83c\uddea\ud83c\udde8 Ecuador<br \/><span style=\"text-decoration: underline;\"><a href=\"https:\/\/beacons.ai\/mutaremundo\" target=\"_blank\" rel=\"noopener\">Website<\/a><\/span><\/p><\/td><td style=\"text-align: center;\"><p><strong>Tecnolog\u00edas Cosechamos.com<br \/><\/strong>\ud83c\uddf2\ud83c\uddfd M\u00e9xico<br \/><span style=\"text-decoration: underline;\"><a href=\"https:\/\/cosechamos.com\/\" target=\"_blank\" rel=\"noopener\">Website<\/a><\/span><\/p><\/td><\/tr><\/tbody><\/table>\t\t\t\t\t\t\t\t<\/div>\n\t\t\t\t<\/div>\n\t\t\t\t\t<\/div>\n\t\t<\/div>\n\t\t\t\t<div class=\"elementor-column elementor-col-50 elementor-inner-column elementor-element elementor-element-4b0092d\" data-id=\"4b0092d\" data-element_type=\"column\" data-e-type=\"column\">\n\t\t\t<div class=\"elementor-widget-wrap elementor-element-populated\">\n\t\t\t\t\t\t<div class=\"elementor-element elementor-element-72becf3 subtitlesEco elementor-widget elementor-widget-heading\" data-id=\"72becf3\" data-element_type=\"widget\" data-e-type=\"widget\" data-widget_type=\"heading.default\">\n\t\t\t\t<div class=\"elementor-widget-container\">\n\t\t\t\t\t<h4 class=\"elementor-heading-title elementor-size-default\">Tecnolog\u00eda<\/h4>\t\t\t\t<\/div>\n\t\t\t\t<\/div>\n\t\t\t\t<div class=\"elementor-element elementor-element-d28cd7a elementor-widget elementor-widget-text-editor\" data-id=\"d28cd7a\" data-element_type=\"widget\" data-e-type=\"widget\" data-widget_type=\"text-editor.default\">\n\t\t\t\t<div class=\"elementor-widget-container\">\n\t\t\t\t\t\t\t\t\t<table><tbody><tr><td style=\"text-align: center;\"><p><strong>Silverbox<br \/><\/strong>\ud83c\udde8\ud83c\uddf4 Colombia<br \/><span style=\"text-decoration: underline;\"><a href=\"https:\/\/www.silverbox.com.co\/\" target=\"_blank\" rel=\"noopener\">Website<\/a><\/span><\/p><\/td><td style=\"text-align: center;\"><p><strong>Stari Yaqua<br \/><\/strong>\ud83c\uddf5\ud83c\uddea Peru<br \/><span style=\"text-decoration: underline;\"><a href=\"https:\/\/www.facebook.com\/people\/Ecoproducts\/100055371833261\/\" target=\"_blank\" rel=\"noopener\">Website<\/a><\/span><\/p><\/td><\/tr><tr><td style=\"text-align: center;\"><p><strong>TraceSurfer<br \/><\/strong>\ud83c\uddfa\ud83c\uddfe Uruguay<br \/><span style=\"text-decoration: underline;\"><a href=\"https:\/\/www.tracesurfer.com\/\" target=\"_blank\" rel=\"noopener\">Website<\/a><\/span><\/p><\/td><td style=\"text-align: center;\"><p><strong>VIT Sensors<br \/><\/strong>\ud83c\udde8\ud83c\uddf4 Colombia<br \/><span style=\"text-decoration: underline;\"><a href=\"https:\/\/www.vitsensors.com\/inicio\" target=\"_blank\" rel=\"noopener\">Website<\/a><\/span><\/p><\/td><\/tr><\/tbody><\/table>\t\t\t\t\t\t\t\t<\/div>\n\t\t\t\t<\/div>\n\t\t\t\t\t<\/div>\n\t\t<\/div>\n\t\t\t\t\t<\/div>\n\t\t<\/section>\n\t\t\t\t<section class=\"elementor-section elementor-inner-section elementor-element elementor-element-f99c3a3 elementor-section-boxed elementor-section-height-default elementor-section-height-default\" data-id=\"f99c3a3\" data-element_type=\"section\" data-e-type=\"section\" data-settings=\"{&quot;background_background&quot;:&quot;classic&quot;}\">\n\t\t\t\t\t\t<div class=\"elementor-container elementor-column-gap-default\">\n\t\t\t\t\t<div class=\"elementor-column elementor-col-100 elementor-inner-column elementor-element elementor-element-bfd55e9\" data-id=\"bfd55e9\" data-element_type=\"column\" data-e-type=\"column\">\n\t\t\t<div class=\"elementor-widget-wrap elementor-element-populated\">\n\t\t\t\t\t\t<div class=\"elementor-element elementor-element-308205e elementor-widget elementor-widget-spacer\" data-id=\"308205e\" data-element_type=\"widget\" data-e-type=\"widget\" data-widget_type=\"spacer.default\">\n\t\t\t\t<div class=\"elementor-widget-container\">\n\t\t\t\t\t\t\t<div class=\"elementor-spacer\">\n\t\t\t<div class=\"elementor-spacer-inner\"><\/div>\n\t\t<\/div>\n\t\t\t\t\t\t<\/div>\n\t\t\t\t<\/div>\n\t\t\t\t<div class=\"elementor-element elementor-element-2f5a4bc elementor-widget elementor-widget-text-editor\" data-id=\"2f5a4bc\" data-element_type=\"widget\" data-e-type=\"widget\" data-widget_type=\"text-editor.default\">\n\t\t\t\t<div class=\"elementor-widget-container\">\n\t\t\t\t\t\t\t\t\t<p style=\"text-align: center;\">YABT es una organizaci\u00f3n internacional sin fines de lucro con un acuerdo de cooperaci\u00f3n con la Secretar\u00eda General de la Organizaci\u00f3n de los Estados Americanos.<br \/>\u00a9 2023 Young Americas Business Trust. Todos los derechos reservados<\/p>\t\t\t\t\t\t\t\t<\/div>\n\t\t\t\t<\/div>\n\t\t\t\t<div class=\"elementor-element elementor-element-62bb817 elementor-widget elementor-widget-spacer\" data-id=\"62bb817\" data-element_type=\"widget\" data-e-type=\"widget\" data-widget_type=\"spacer.default\">\n\t\t\t\t<div class=\"elementor-widget-container\">\n\t\t\t\t\t\t\t<div class=\"elementor-spacer\">\n\t\t\t<div class=\"elementor-spacer-inner\"><\/div>\n\t\t<\/div>\n\t\t\t\t\t\t<\/div>\n\t\t\t\t<\/div>\n\t\t\t\t\t<\/div>\n\t\t<\/div>\n\t\t\t\t\t<\/div>\n\t\t<\/section>\n\t\t\t\t\t<\/div>\n\t\t<\/div>\n\t\t\t\t\t<\/div>\n\t\t<\/section>\n\t\t\t\t<\/div>\n\t\t","protected":false},"excerpt":{"rendered":"<p>FINALISTAS DEL ECO-RETO 2023 El Young Americas Business Trust (YABT) en colaboraci\u00f3n con PepsiCo Bebidas Latinoam\u00e9rica y la Organizaci\u00f3n de los Estados Americanos (OEA), se complacen en anunciar a los 8 equipos Finalistas del Eco-Reto 2023 en sus dos prioridades: Educaci\u00f3n y Tecnolog\u00eda.\u00a0 El Eco-Reto es una categor\u00eda especial del TIC Am\u00e9ricas que impulsa el &hellip; <span class=\"more-link-wrap\"><a href=\"https:\/\/ticamericas.net\/finales\/finalistas-del-eco-reto-2023\/\" class=\"more-link\">Read More<span class=\"screen-reader-text\"> &#8220;Finalistas del Eco-Reto 2023&#8221;<\/span><\/a><\/span><\/p>\n","protected":false},"author":1,"featured_media":0,"parent":0,"menu_order":0,"comment_status":"closed","ping_status":"closed","template":"elementor_canvas","meta":{"inline_featured_image":false,"footnotes":""},"class_list":["post-1753","page","type-page","status-publish","hentry"],"_links":{"self":[{"href":"https:\/\/ticamericas.net\/finales\/wp-json\/wp\/v2\/pages\/1753","targetHints":{"allow":["GET"]}}],"collection":[{"href":"https:\/\/ticamericas.net\/finales\/wp-json\/wp\/v2\/pages"}],"about":[{"href":"https:\/\/ticamericas.net\/finales\/wp-json\/wp\/v2\/types\/page"}],"author":[{"embeddable":true,"href":"https:\/\/ticamericas.net\/finales\/wp-json\/wp\/v2\/users\/1"}],"replies":[{"embeddable":true,"href":"https:\/\/ticamericas.net\/finales\/wp-json\/wp\/v2\/comments?post=1753"}],"version-history":[{"count":99,"href":"https:\/\/ticamericas.net\/finales\/wp-json\/wp\/v2\/pages\/1753\/revisions"}],"predecessor-version":[{"id":4266,"href":"https:\/\/ticamericas.net\/finales\/wp-json\/wp\/v2\/pages\/1753\/revisions\/4266"}],"wp:attachment":[{"href":"https:\/\/ticamericas.net\/finales\/wp-json\/wp\/v2\/media?parent=1753"}],"curies":[{"name":"wp","href":"https:\/\/api.w.org\/{rel}","templated":true}]}}