{"id":532,"date":"2025-06-01T06:25:21","date_gmt":"2025-06-01T06:25:21","guid":{"rendered":"https:\/\/ticamericas.net\/bioplastics\/?page_id=532"},"modified":"2025-06-01T07:11:32","modified_gmt":"2025-06-01T07:11:32","slug":"uso-de-inteligencia-artificial-ia","status":"publish","type":"page","link":"https:\/\/ticamericas.net\/bioplastics\/es\/reglas\/uso-de-inteligencia-artificial-ia\/","title":{"rendered":"Uso de Inteligencia Artificial (IA)"},"content":{"rendered":"\t\t<div data-elementor-type=\"wp-page\" data-elementor-id=\"532\" class=\"elementor elementor-532\">\n\t\t\t\t\t\t<section class=\"elementor-section elementor-top-section elementor-element elementor-element-598ce77 elementor-section-boxed elementor-section-height-default elementor-section-height-default\" data-id=\"598ce77\" data-element_type=\"section\" data-e-type=\"section\">\n\t\t\t\t\t\t<div class=\"elementor-container elementor-column-gap-default\">\n\t\t\t\t\t<div class=\"elementor-column elementor-col-100 elementor-top-column elementor-element elementor-element-15db48c\" data-id=\"15db48c\" data-element_type=\"column\" data-e-type=\"column\">\n\t\t\t<div class=\"elementor-widget-wrap elementor-element-populated\">\n\t\t\t\t\t\t<div class=\"elementor-element elementor-element-a2d3fe5 elementor-widget elementor-widget-text-editor\" data-id=\"a2d3fe5\" data-element_type=\"widget\" data-e-type=\"widget\" data-widget_type=\"text-editor.default\">\n\t\t\t\t<div class=\"elementor-widget-container\">\n\t\t\t\t\t\t\t\t\t<ol><li style=\"font-weight: 400;\" aria-level=\"1\"><span style=\"font-weight: 400;\">La IA puede utilizarse para mejorar estructuras, puntos clave o ideas generales de los materiales entregables, pero todo contenido, propiedad intelectual y conocimiento debe ser desarrollados por los miembros del equipo.\u00a0 El uso de herramientas de IA se debe hacer siguiendo las &#8220;Pr\u00e1cticas Responsables para Medios Sint\u00e9ticos del Consorcio en IA (Partnership on AI o PAI por sus siglas en ingl\u00e9s) &#8221; disponibles <\/span><a href=\"https:\/\/partnershiponai.org\/wp-content\/uploads\/2023\/10\/PAI_medios_sinteticos_marco_espanol.pdf\" target=\"_blank\" rel=\"noopener\"><span style=\"font-weight: 400;\">aqu\u00ed<\/span><\/a><span style=\"font-weight: 400;\">.<\/span><\/li><li style=\"font-weight: 400;\" aria-level=\"1\"><span style=\"font-weight: 400;\">Los participantes que utilicen herramientas de inteligencia artificial para la recolecci\u00f3n de datos de mercado, an\u00e1lisis de competencia o generaci\u00f3n de proyecciones deber\u00e1n citar todas las fuentes de datos, validar la precisi\u00f3n de la informaci\u00f3n presentada y acompa\u00f1ar los resultados con justificaciones propias que demuestran la viabilidad en el contexto espec\u00edfico del proyecto.<\/span><\/li><li style=\"font-weight: 400;\" aria-level=\"1\"><span style=\"font-weight: 400;\">La subtitulaci\u00f3n o narraci\u00f3n de v\u00eddeos generada por IA debe revisarse completamente antes de ser presentada, para asegurar que el contenido es preciso, claro y relevante para el mensaje del proyecto.<\/span><\/li><li style=\"font-weight: 400;\" aria-level=\"1\"><span style=\"font-weight: 400;\">Los equipos deben incluir una secci\u00f3n en cada entregable donde expliquen c\u00f3mo se utiliz\u00f3 la IA en el desarrollo del material, especificando las herramientas usadas, el alcance de la ayuda proporcionada, y cualquier modificaci\u00f3n realizada al contenido generado.<\/span><\/li><\/ol>\t\t\t\t\t\t\t\t<\/div>\n\t\t\t\t<\/div>\n\t\t\t\t\t<\/div>\n\t\t<\/div>\n\t\t\t\t\t<\/div>\n\t\t<\/section>\n\t\t\t\t<\/div>\n\t\t","protected":false},"excerpt":{"rendered":"<p>La IA puede utilizarse para mejorar estructuras, puntos clave o ideas generales de los materiales entregables, pero todo contenido, propiedad intelectual y conocimiento debe ser desarrollados por los miembros del equipo.\u00a0 El uso de herramientas de IA se debe hacer siguiendo las &#8220;Pr\u00e1cticas Responsables para Medios Sint\u00e9ticos del Consorcio en IA (Partnership on AI o [&hellip;]<\/p>\n","protected":false},"author":1,"featured_media":0,"parent":466,"menu_order":0,"comment_status":"closed","ping_status":"closed","template":"","meta":{"footnotes":""},"class_list":["post-532","page","type-page","status-publish","hentry"],"_links":{"self":[{"href":"https:\/\/ticamericas.net\/bioplastics\/wp-json\/wp\/v2\/pages\/532","targetHints":{"allow":["GET"]}}],"collection":[{"href":"https:\/\/ticamericas.net\/bioplastics\/wp-json\/wp\/v2\/pages"}],"about":[{"href":"https:\/\/ticamericas.net\/bioplastics\/wp-json\/wp\/v2\/types\/page"}],"author":[{"embeddable":true,"href":"https:\/\/ticamericas.net\/bioplastics\/wp-json\/wp\/v2\/users\/1"}],"replies":[{"embeddable":true,"href":"https:\/\/ticamericas.net\/bioplastics\/wp-json\/wp\/v2\/comments?post=532"}],"version-history":[{"count":4,"href":"https:\/\/ticamericas.net\/bioplastics\/wp-json\/wp\/v2\/pages\/532\/revisions"}],"predecessor-version":[{"id":582,"href":"https:\/\/ticamericas.net\/bioplastics\/wp-json\/wp\/v2\/pages\/532\/revisions\/582"}],"up":[{"embeddable":true,"href":"https:\/\/ticamericas.net\/bioplastics\/wp-json\/wp\/v2\/pages\/466"}],"wp:attachment":[{"href":"https:\/\/ticamericas.net\/bioplastics\/wp-json\/wp\/v2\/media?parent=532"}],"curies":[{"name":"wp","href":"https:\/\/api.w.org\/{rel}","templated":true}]}}